CRAN Package Check Results for Package traineR

Last updated on 2024-06-14 00:54:02 CEST.

Flavor Version Tinstall Tcheck Ttotal Status Flags
r-devel-linux-x86_64-debian-clang 2.2.0 18.89 157.47 176.36 OK
r-devel-linux-x86_64-debian-gcc 2.2.0 0.40 1.80 2.20 ERROR
r-devel-linux-x86_64-fedora-clang 2.2.0 222.51 OK
r-devel-linux-x86_64-fedora-gcc 2.2.0 210.08 OK
r-devel-windows-x86_64 2.2.0 17.00 132.00 149.00 OK
r-patched-linux-x86_64 2.2.0 13.30 150.93 164.23 OK
r-release-linux-x86_64 2.2.0 17.71 151.83 169.54 OK
r-release-macos-arm64 2.2.0 58.00 OK
r-release-macos-x86_64 2.2.0 85.00 OK
r-release-windows-x86_64 2.2.0 18.00 134.00 152.00 OK
r-oldrel-macos-arm64 2.2.0 62.00 OK
r-oldrel-macos-x86_64 2.2.0 176.00 OK
r-oldrel-windows-x86_64 2.2.0 22.00 162.00 184.00 OK

Check Details

Version: 2.2.0
Check: package dependencies
Result: ERROR Packages required but not available: 'kknn', 'dplyr', 'stringr', 'adabag', 'ggplot2' See section ‘The DESCRIPTION file’ in the ‘Writing R Extensions’ manual. Flavor: r-devel-linux-x86_64-debian-gcc