CRAN Package Check Results for Package tramnet

Last updated on 2021-10-21 00:50:03 CEST.

Flavor Version Tinstall Tcheck Ttotal Status Flags
r-devel-linux-x86_64-debian-clang 0.0-6 20.20 372.86 393.06 OK
r-devel-linux-x86_64-debian-gcc 0.0-6 16.92 280.88 297.80 OK
r-devel-linux-x86_64-fedora-clang 0.0-6 493.82 OK
r-devel-linux-x86_64-fedora-gcc 0.0-6 482.37 OK
r-devel-windows-x86_64 0.0-6 30.00 355.00 385.00 OK
r-devel-windows-x86_64-gcc10-UCRT 0.0-6 WARN
r-patched-linux-x86_64 0.0-6 19.58 356.81 376.39 OK
r-patched-solaris-x86 0.0-6 640.30 OK
r-release-linux-x86_64 0.0-6 17.47 363.26 380.73 OK
r-release-macos-arm64 0.0-6 OK
r-release-macos-x86_64 0.0-6 OK
r-release-windows-ix86+x86_64 0.0-6 47.00 428.00 475.00 OK
r-oldrel-macos-x86_64 0.0-6 OK
r-oldrel-windows-ix86+x86_64 0.0-6 47.00 462.00 509.00 OK

Check Details

Version: 0.0-6
Check: re-building of vignette outputs
Result: WARN
    Error(s) in re-building vignettes:
    --- re-building 'tramnet.Rnw' using knitr
    Loading required package: tram
    Loading required package: mlt
    Loading required package: basefun
    Loading required package: variables
    Loading required package: CVXR
    
    Attaching package: 'CVXR'
    
    The following object is masked from 'package:stats':
    
     power
    
    Loading required package: mlrMBO
    Loading required package: mlr
    Loading required package: ParamHelpers
    Warning message: 'mlr' is in 'maintenance-only' mode since July
    2019. Future development will only happen in 'mlr3'
    (<https://mlr3.mlr-org.com>). Due to the focus on 'mlr3' there
    might be uncaught bugs meanwhile in {mlr} - please consider
    switching.
    Loading required package: smoof
    Loading required package: checkmate
    Loading required package: survival
    Welcome to penalized. For extended examples, see vignette("penalized").
    Loading required package: Matrix
    Loaded glmnet 4.1-2
    
    Attaching package: 'coin'
    
    The following object is masked from 'package:CVXR':
    
     size
    
    The following object is masked from 'package:variables':
    
     support
    
    
    warning: solve(): system is singular (rcond: 1.91008e-17); attempting approx solution
    
    warning: solve(): system is singular; attempting approx solution
    
    warning: solve(): system is singular (rcond: 1.92453e-17); attempting approx solution
    
    warning: solve(): system is singular; attempting approx solution
    
    warning: solve(): system is singular (rcond: 1.92453e-17); attempting approx solution
    
    warning: solve(): system is singular; attempting approx solution
    
    warning: solve(): system is singular (rcond: 1.92453e-17); attempting approx solution
    Warning in system(paste(shQuote(texi2dvi), if (quiet) "--quiet" else "", :
     running command '"C:\PROGRA~1\MiKTeX\miktex\bin\x64\texify.exe" --quiet --pdf "tramnet.tex" --max-iterations=20 -I "C:/r_packages/rinst/share/texmf/tex/latex" -I "C:/r_packages/rinst/share/texmf/bibtex/bst"' had status 1
    Error: processing vignette 'tramnet.Rnw' failed with diagnostics:
    running 'texi2dvi' on 'tramnet.tex' failed
    
    LaTeX errors:
    ! LaTeX Error: File `tabu.sty' not found.
    
    Type X to quit or <RETURN> to proceed,
    or enter new name. (Default extension: sty)
    
    
    --- failed re-building 'tramnet.Rnw'
    
    SUMMARY: processing the following file failed:
     'tramnet.Rnw'
    
    Error: Vignette re-building failed.
    Execution halted
Flavor: r-devel-windows-x86_64-gcc10-UCRT