Last updated on 2023-10-04 00:58:40 CEST.
Flavor | Version | Tinstall | Tcheck | Ttotal | Status | Flags |
---|---|---|---|---|---|---|
r-devel-linux-x86_64-debian-clang | 1.2.2 | 14.62 | 95.91 | 110.53 | NOTE | |
r-devel-linux-x86_64-debian-gcc | 1.2.2 | 10.07 | 71.65 | 81.72 | NOTE | |
r-devel-linux-x86_64-fedora-clang | 1.2.2 | 129.56 | NOTE | |||
r-devel-linux-x86_64-fedora-gcc | 1.2.2 | 130.27 | NOTE | |||
r-devel-windows-x86_64 | 1.2.2 | 15.00 | 89.00 | 104.00 | NOTE | |
r-patched-linux-x86_64 | 1.2.2 | 13.92 | 91.82 | 105.74 | NOTE | |
r-release-linux-x86_64 | 1.2.2 | 11.37 | 93.29 | 104.66 | NOTE | |
r-release-macos-arm64 | 1.2.2 | 43.00 | NOTE | |||
r-release-macos-x86_64 | 1.2.2 | 70.00 | NOTE | |||
r-release-windows-x86_64 | 1.2.2 | 18.00 | 103.00 | 121.00 | NOTE | |
r-oldrel-macos-arm64 | 1.2.2 | 37.00 | NOTE | |||
r-oldrel-macos-x86_64 | 1.2.2 | 54.00 | NOTE | |||
r-oldrel-windows-x86_64 | 1.2.2 | 18.00 | 102.00 | 120.00 | NOTE |
Version: 1.2.2
Check: LazyData
Result: NOTE
'LazyData' is specified without a 'data' directory
Flavors: r-devel-linux-x86_64-debian-clang, r-devel-linux-x86_64-debian-gcc, r-devel-linux-x86_64-fedora-clang, r-devel-linux-x86_64-fedora-gcc, r-devel-windows-x86_64, r-patched-linux-x86_64, r-release-linux-x86_64, r-release-macos-arm64, r-release-macos-x86_64, r-release-windows-x86_64, r-oldrel-macos-arm64, r-oldrel-macos-x86_64, r-oldrel-windows-x86_64