Last updated on 2023-12-06 00:58:31 CET.
Flavor | Version | Tinstall | Tcheck | Ttotal | Status | Flags |
---|---|---|---|---|---|---|
r-devel-linux-x86_64-debian-clang | 1.0.11 | 8.79 | 118.58 | 127.37 | NOTE | |
r-devel-linux-x86_64-debian-gcc | 1.0.11 | 6.84 | 89.35 | 96.19 | NOTE | |
r-devel-linux-x86_64-fedora-clang | 1.0.11 | 158.79 | OK | |||
r-devel-linux-x86_64-fedora-gcc | 1.0.11 | 190.36 | OK | |||
r-devel-windows-x86_64 | 1.0.11 | 12.00 | 434.00 | 446.00 | OK | |
r-patched-linux-x86_64 | 1.0.11 | 8.01 | 113.94 | 121.95 | OK | |
r-release-linux-x86_64 | 1.0.11 | 9.16 | 113.74 | 122.90 | OK | |
r-release-macos-arm64 | 1.0.11 | 198.00 | OK | |||
r-release-macos-x86_64 | 1.0.11 | 504.00 | OK | |||
r-release-windows-x86_64 | 1.0.11 | 15.00 | 419.00 | 434.00 | OK | |
r-oldrel-macos-arm64 | 1.0.11 | 189.00 | OK | |||
r-oldrel-macos-x86_64 | 1.0.11 | 265.00 | OK | |||
r-oldrel-windows-x86_64 | 1.0.11 | 14.00 | 424.00 | 438.00 | OK |
Version: 1.0.11
Check: Rd files
Result: NOTE
checkRd: (-1) Blavet.Rd:15: Lost braces in \itemize; meant \describe ?
checkRd: (-1) Blavet.Rd:16: Lost braces in \itemize; meant \describe ?
checkRd: (-1) Blavet.Rd:17: Lost braces in \itemize; meant \describe ?
checkRd: (-1) Blavet.Rd:18: Lost braces in \itemize; meant \describe ?
checkRd: (-1) Blavet.Rd:19: Lost braces in \itemize; meant \describe ?
checkRd: (-1) Blavet.Rd:20: Lost braces in \itemize; meant \describe ?
checkRd: (-1) Blavet.Rd:28: Lost braces in \itemize; meant \describe ?
checkRd: (-1) Blavet.Rd:29: Lost braces in \itemize; meant \describe ?
checkRd: (-1) Blavet.Rd:30: Lost braces in \itemize; meant \describe ?
checkRd: (-1) Oudon.Rd:15: Lost braces in \itemize; meant \describe ?
checkRd: (-1) Oudon.Rd:16: Lost braces in \itemize; meant \describe ?
checkRd: (-1) Oudon.Rd:17: Lost braces in \itemize; meant \describe ?
checkRd: (-1) Oudon.Rd:18: Lost braces in \itemize; meant \describe ?
checkRd: (-1) Oudon.Rd:19: Lost braces in \itemize; meant \describe ?
checkRd: (-1) Oudon.Rd:20: Lost braces in \itemize; meant \describe ?
checkRd: (-1) Oudon.Rd:28: Lost braces in \itemize; meant \describe ?
checkRd: (-1) Oudon.Rd:29: Lost braces in \itemize; meant \describe ?
Flavors: r-devel-linux-x86_64-debian-clang, r-devel-linux-x86_64-debian-gcc