Last updated on 2023-09-24 00:56:56 CEST.
Flavor | Version | Tinstall | Tcheck | Ttotal | Status | Flags |
---|---|---|---|---|---|---|
r-devel-linux-x86_64-debian-clang | 0.14-6 | 105.66 | 84.94 | 190.60 | NOTE | |
r-devel-linux-x86_64-debian-gcc | 0.14-6 | 71.72 | 61.91 | 133.63 | NOTE | |
r-devel-linux-x86_64-fedora-clang | 0.14-6 | 290.01 | NOTE | |||
r-devel-linux-x86_64-fedora-gcc | 0.14-6 | 269.49 | NOTE | |||
r-devel-windows-x86_64 | 0.14-6 | 88.00 | 106.00 | 194.00 | NOTE | |
r-patched-linux-x86_64 | 0.14-6 | 97.20 | 81.72 | 178.92 | OK | |
r-release-linux-x86_64 | 0.14-6 | 92.29 | 79.66 | 171.95 | OK | |
r-release-macos-arm64 | 0.14-6 | 57.00 | NOTE | |||
r-release-macos-x86_64 | 0.14-6 | 98.00 | NOTE | |||
r-release-windows-x86_64 | 0.14-6 | 109.00 | 126.00 | 235.00 | OK | |
r-oldrel-macos-arm64 | 0.14-6 | 56.00 | NOTE | |||
r-oldrel-macos-x86_64 | 0.14-6 | 95.00 | NOTE | |||
r-oldrel-windows-x86_64 | 0.14-6 | 101.00 | 120.00 | 221.00 | OK |
Version: 0.14-6
Check: Rd \usage sections
Result: NOTE
Objects in \usage without \alias in documentation object 'transport-internal':
‘gif.generate’ ‘plot_pgrid_wpp’
Functions with \usage entries need to have the appropriate \alias
entries, and all their arguments documented.
The \usage entries must correspond to syntactically valid R code.
See chapter ‘Writing R documentation files’ in the ‘Writing R
Extensions’ manual.
Flavors: r-devel-linux-x86_64-debian-clang, r-devel-linux-x86_64-debian-gcc, r-devel-linux-x86_64-fedora-clang, r-devel-linux-x86_64-fedora-gcc, r-devel-windows-x86_64
Version: 0.14-6
Check: installed package size
Result: NOTE
installed size is 5.9Mb
sub-directories of 1Mb or more:
libs 5.3Mb
Flavors: r-release-macos-arm64, r-release-macos-x86_64, r-oldrel-macos-arm64, r-oldrel-macos-x86_64