CRAN Package Check Results for Package transport

Last updated on 2024-06-21 00:57:25 CEST.

Flavor Version Tinstall Tcheck Ttotal Status Flags
r-devel-linux-x86_64-debian-clang 0.15-2 109.00 84.52 193.52 NOTE
r-devel-linux-x86_64-debian-gcc 0.15-2 77.01 62.62 139.63 NOTE
r-devel-linux-x86_64-fedora-clang 0.15-2 310.14 NOTE
r-devel-linux-x86_64-fedora-gcc 0.15-2 279.45 NOTE
r-devel-windows-x86_64 0.15-2 97.00 108.00 205.00 OK
r-patched-linux-x86_64 0.15-2 93.80 82.62 176.42 NOTE
r-release-linux-x86_64 0.15-2 92.86 84.16 177.02 NOTE
r-release-macos-arm64 0.15-2 63.00 NOTE
r-release-macos-x86_64 0.15-2 80.00 NOTE
r-release-windows-x86_64 0.15-2 95.00 117.00 212.00 OK
r-oldrel-macos-arm64 0.15-2 61.00 NOTE
r-oldrel-macos-x86_64 0.15-2 170.00 NOTE
r-oldrel-windows-x86_64 0.15-2 114.00 132.00 246.00 OK

Check Details

Version: 0.15-2
Check: package dependencies
Result: NOTE Package suggested but not available for checking: ‘WSGeometry’ Flavors: r-devel-linux-x86_64-debian-clang, r-devel-linux-x86_64-debian-gcc, r-devel-linux-x86_64-fedora-clang, r-devel-linux-x86_64-fedora-gcc, r-patched-linux-x86_64, r-release-linux-x86_64

Version: 0.15-2
Check: installed package size
Result: NOTE installed size is 8.7Mb sub-directories of 1Mb or more: libs 8.1Mb Flavors: r-release-macos-arm64, r-release-macos-x86_64, r-oldrel-macos-arm64, r-oldrel-macos-x86_64