CRAN Package Check Results for Package transx

Last updated on 2021-10-27 00:51:22 CEST.

Flavor Version Tinstall Tcheck Ttotal Status Flags
r-devel-linux-x86_64-debian-clang 0.0.1 3.60 52.76 56.36 NOTE
r-devel-linux-x86_64-debian-gcc 0.0.1 2.48 39.49 41.97 NOTE
r-devel-linux-x86_64-fedora-clang 0.0.1 77.69 NOTE
r-devel-linux-x86_64-fedora-gcc 0.0.1 67.40 NOTE
r-devel-windows-x86_64 0.0.1 6.00 85.00 91.00 NOTE
r-devel-windows-x86_64-gcc10-UCRT 0.0.1 NOTE
r-patched-linux-x86_64 0.0.1 3.32 50.10 53.42 NOTE
r-patched-solaris-x86 0.0.1 118.20 NOTE
r-release-linux-x86_64 0.0.1 2.93 50.18 53.11 NOTE
r-release-macos-arm64 0.0.1 NOTE
r-release-macos-x86_64 0.0.1 NOTE
r-release-windows-ix86+x86_64 0.0.1 5.00 79.00 84.00 NOTE
r-oldrel-macos-x86_64 0.0.1 OK
r-oldrel-windows-ix86+x86_64 0.0.1 8.00 75.00 83.00 OK

Check Details

Version: 0.0.1
Check: LazyData
Result: NOTE
     'LazyData' is specified without a 'data' directory
Flavors: r-devel-linux-x86_64-debian-clang, r-devel-linux-x86_64-debian-gcc, r-devel-linux-x86_64-fedora-clang, r-devel-linux-x86_64-fedora-gcc, r-devel-windows-x86_64, r-devel-windows-x86_64-gcc10-UCRT, r-patched-linux-x86_64, r-patched-solaris-x86, r-release-linux-x86_64, r-release-macos-arm64, r-release-macos-x86_64, r-release-windows-ix86+x86_64