Last updated on 2023-10-03 01:05:07 CEST.
Flavor | Version | Tinstall | Tcheck | Ttotal | Status | Flags |
---|---|---|---|---|---|---|
r-devel-linux-x86_64-debian-clang | 0.2.2 | 4.97 | 110.45 | 115.42 | NOTE | |
r-devel-linux-x86_64-debian-gcc | 0.2.2 | 3.61 | 81.67 | 85.28 | NOTE | |
r-devel-linux-x86_64-fedora-clang | 0.2.2 | 142.01 | NOTE | |||
r-devel-linux-x86_64-fedora-gcc | 0.2.2 | 154.79 | NOTE | |||
r-devel-windows-x86_64 | 0.2.2 | 8.00 | 172.00 | 180.00 | NOTE | |
r-patched-linux-x86_64 | 0.2.2 | 4.33 | 109.98 | 114.31 | NOTE | |
r-release-linux-x86_64 | 0.2.2 | 3.97 | 110.20 | 114.17 | NOTE | |
r-release-macos-arm64 | 0.2.2 | 69.00 | NOTE | |||
r-release-macos-x86_64 | 0.2.2 | 101.00 | NOTE | |||
r-release-windows-x86_64 | 0.2.2 | 8.00 | 173.00 | 181.00 | NOTE | |
r-oldrel-macos-arm64 | 0.2.2 | 55.00 | NOTE | |||
r-oldrel-macos-x86_64 | 0.2.2 | 105.00 | NOTE | |||
r-oldrel-windows-x86_64 | 0.2.2 | 7.00 | 169.00 | 176.00 | NOTE |
Version: 0.2.2
Check: LazyData
Result: NOTE
'LazyData' is specified without a 'data' directory
Flavors: r-devel-linux-x86_64-debian-clang, r-devel-linux-x86_64-debian-gcc, r-devel-linux-x86_64-fedora-clang, r-devel-linux-x86_64-fedora-gcc, r-devel-windows-x86_64, r-patched-linux-x86_64, r-release-linux-x86_64, r-release-macos-arm64, r-release-macos-x86_64, r-release-windows-x86_64, r-oldrel-macos-arm64, r-oldrel-macos-x86_64, r-oldrel-windows-x86_64