CRAN Package Check Results for Package treasuryTR

Last updated on 2021-10-27 00:51:22 CEST.

Flavor Version Tinstall Tcheck Ttotal Status Flags
r-devel-linux-x86_64-debian-clang 0.1.5 6.30 57.34 63.64 OK
r-devel-linux-x86_64-debian-gcc 0.1.5 5.07 43.50 48.57 OK
r-devel-linux-x86_64-fedora-clang 0.1.5 86.33 OK
r-devel-linux-x86_64-fedora-gcc 0.1.5 74.13 OK
r-devel-windows-x86_64 0.1.5 10.00 64.00 74.00 OK
r-devel-windows-x86_64-gcc10-UCRT 0.1.5 OK
r-patched-linux-x86_64 0.1.5 6.02 53.66 59.68 ERROR
r-patched-solaris-x86 0.1.5 117.00 OK
r-release-linux-x86_64 0.1.5 5.64 53.43 59.07 OK
r-release-macos-arm64 0.1.5 OK
r-release-macos-x86_64 0.1.5 OK
r-release-windows-ix86+x86_64 0.1.5 11.00 80.00 91.00 OK
r-oldrel-macos-x86_64 0.1.5 OK
r-oldrel-windows-ix86+x86_64 0.1.5 17.00 89.00 106.00 OK

Check Details

Version: 0.1.5
Check: examples
Result: ERROR
    Running examples in ‘treasuryTR-Ex.R’ failed
    The error most likely occurred in:
    
    > base::assign(".ptime", proc.time(), pos = "CheckExEnv")
    > ### Name: total_return
    > ### Title: Calculate bond total returns from constant-maturity yield data
    > ### Aliases: total_return
    >
    > ### ** Examples
    >
    > library(dplyr)
    > # download US treasury 10Y constant-maturity
    > # yield data and compute a total return series
    > t10_yield <- get_yields("DGS10")
    Error in getSymbols.FRED(Symbols = "DGS10", env = <environment>, verbose = FALSE, :
     Unable to import “DGS10”.
    HTTP error 503.
    Calls: get_yields -> <Anonymous> -> do.call -> getSymbols.FRED
    Execution halted
Flavor: r-patched-linux-x86_64