Last updated on 2023-12-01 00:52:14 CET.
Flavor | Version | Tinstall | Tcheck | Ttotal | Status | Flags |
---|---|---|---|---|---|---|
r-devel-linux-x86_64-debian-clang | 0.1.6 | 1019.51 | 554.65 | 1574.16 | NOTE | |
r-devel-linux-x86_64-debian-gcc | 0.1.6 | 868.50 | 489.26 | 1357.76 | NOTE | |
r-devel-linux-x86_64-fedora-clang | 0.1.6 | 1462.19 | NOTE | |||
r-devel-linux-x86_64-fedora-gcc | 0.1.6 | 2643.48 | NOTE | |||
r-devel-windows-x86_64 | 0.1.6 | 749.00 | 524.00 | 1273.00 | NOTE | |
r-patched-linux-x86_64 | 0.1.6 | 748.83 | 647.40 | 1396.23 | NOTE | |
r-release-linux-x86_64 | 0.1.6 | 0.02 | 3.04 | 3.06 | ERROR | |
r-release-macos-arm64 | 0.1.6 | 579.00 | NOTE | |||
r-release-macos-x86_64 | 0.1.6 | 947.00 | NOTE | |||
r-release-windows-x86_64 | 0.1.6 | 1015.00 | 699.00 | 1714.00 | NOTE | |
r-oldrel-macos-arm64 | 0.1.6 | 354.00 | NOTE | |||
r-oldrel-macos-x86_64 | 0.1.6 | 659.00 | NOTE | |||
r-oldrel-windows-x86_64 | 0.1.6 | 950.00 | 627.00 | 1577.00 | NOTE |
Version: 0.1.6
Check: for GNU extensions in Makefiles
Result: NOTE
GNU make is a SystemRequirements.
Flavors: r-devel-linux-x86_64-debian-clang, r-devel-linux-x86_64-debian-gcc, r-devel-linux-x86_64-fedora-clang, r-devel-linux-x86_64-fedora-gcc, r-devel-windows-x86_64, r-patched-linux-x86_64, r-release-macos-arm64, r-release-macos-x86_64, r-release-windows-x86_64, r-oldrel-macos-arm64, r-oldrel-macos-x86_64, r-oldrel-windows-x86_64
Version: 0.1.6
Check: installed package size
Result: NOTE
installed size is 14.5Mb
sub-directories of 1Mb or more:
doc 3.9Mb
libs 9.5Mb
Flavors: r-devel-linux-x86_64-fedora-clang, r-devel-windows-x86_64, r-release-macos-arm64, r-release-macos-x86_64, r-release-windows-x86_64, r-oldrel-macos-arm64, r-oldrel-macos-x86_64, r-oldrel-windows-x86_64
Version: 0.1.6
Check: whether package can be installed
Result: ERROR
Installation failed.
Flavor: r-release-linux-x86_64