Last updated on 2023-09-24 00:56:56 CEST.
Flavor | Version | Tinstall | Tcheck | Ttotal | Status | Flags |
---|---|---|---|---|---|---|
r-devel-linux-x86_64-debian-clang | 0.8.1 | 5.29 | 48.86 | 54.15 | NOTE | |
r-devel-linux-x86_64-debian-gcc | 0.8.1 | 3.78 | 35.84 | 39.62 | NOTE | |
r-devel-linux-x86_64-fedora-clang | 0.8.1 | 64.46 | NOTE | |||
r-devel-linux-x86_64-fedora-gcc | 0.8.1 | 72.10 | NOTE | |||
r-devel-windows-x86_64 | 0.8.1 | 6.00 | 55.00 | 61.00 | NOTE | |
r-patched-linux-x86_64 | 0.8.1 | 4.97 | 44.44 | 49.41 | NOTE | |
r-release-linux-x86_64 | 0.8.1 | 4.18 | 45.23 | 49.41 | NOTE | |
r-release-macos-arm64 | 0.8.1 | 30.00 | NOTE | |||
r-release-macos-x86_64 | 0.8.1 | 39.00 | NOTE | |||
r-release-windows-x86_64 | 0.8.1 | 7.00 | 62.00 | 69.00 | NOTE | |
r-oldrel-macos-arm64 | 0.8.1 | 23.00 | NOTE | |||
r-oldrel-macos-x86_64 | 0.8.1 | 30.00 | NOTE | |||
r-oldrel-windows-x86_64 | 0.8.1 | 7.00 | 65.00 | 72.00 | NOTE |
Version: 0.8.1
Check: LazyData
Result: NOTE
'LazyData' is specified without a 'data' directory
Flavors: r-devel-linux-x86_64-debian-clang, r-devel-linux-x86_64-debian-gcc, r-devel-linux-x86_64-fedora-clang, r-devel-linux-x86_64-fedora-gcc, r-devel-windows-x86_64, r-patched-linux-x86_64, r-release-linux-x86_64, r-release-macos-arm64, r-release-macos-x86_64, r-release-windows-x86_64, r-oldrel-macos-arm64, r-oldrel-macos-x86_64, r-oldrel-windows-x86_64