CRAN Package Check Results for Package trimmer

Last updated on 2024-06-17 00:50:14 CEST.

Flavor Version Tinstall Tcheck Ttotal Status Flags
r-devel-linux-x86_64-debian-clang 0.8.1 5.27 48.03 53.30 NOTE
r-devel-linux-x86_64-debian-gcc 0.8.1 3.80 36.88 40.68 NOTE
r-devel-linux-x86_64-fedora-clang 0.8.1 69.16 NOTE
r-devel-linux-x86_64-fedora-gcc 0.8.1 75.29 NOTE
r-devel-windows-x86_64 0.8.1 5.00 58.00 63.00 NOTE
r-patched-linux-x86_64 0.8.1 3.75 46.19 49.94 NOTE
r-release-linux-x86_64 0.8.1 4.03 45.63 49.66 NOTE
r-release-macos-arm64 0.8.1 28.00 NOTE
r-release-macos-x86_64 0.8.1 50.00 NOTE
r-release-windows-x86_64 0.8.1 5.00 58.00 63.00 NOTE
r-oldrel-macos-arm64 0.8.1 30.00 NOTE
r-oldrel-macos-x86_64 0.8.1 39.00 NOTE
r-oldrel-windows-x86_64 0.8.1 6.00 64.00 70.00 NOTE

Check Details

Version: 0.8.1
Check: LazyData
Result: NOTE 'LazyData' is specified without a 'data' directory Flavors: r-devel-linux-x86_64-debian-clang, r-devel-linux-x86_64-debian-gcc, r-devel-linux-x86_64-fedora-clang, r-devel-linux-x86_64-fedora-gcc, r-devel-windows-x86_64, r-patched-linux-x86_64, r-release-linux-x86_64, r-release-macos-arm64, r-release-macos-x86_64, r-release-windows-x86_64, r-oldrel-macos-arm64, r-oldrel-macos-x86_64, r-oldrel-windows-x86_64