CRAN Package Check Results for Package truelies

Last updated on 2021-10-16 00:49:34 CEST.

Flavor Version Tinstall Tcheck Ttotal Status Flags
r-devel-linux-x86_64-debian-clang 0.2.0 2.43 25.90 28.33 NOTE
r-devel-linux-x86_64-debian-gcc 0.2.0 1.82 20.04 21.86 NOTE
r-devel-linux-x86_64-fedora-clang 0.2.0 44.15 NOTE
r-devel-linux-x86_64-fedora-gcc 0.2.0 33.33 NOTE
r-devel-windows-x86_64 0.2.0 4.00 33.00 37.00 NOTE
r-devel-windows-x86_64-gcc10-UCRT 0.2.0 NOTE
r-patched-linux-x86_64 0.2.0 2.40 24.94 27.34 NOTE
r-patched-solaris-x86 0.2.0 51.80 NOTE
r-release-linux-x86_64 0.2.0 2.31 25.11 27.42 NOTE
r-release-macos-arm64 0.2.0 NOTE
r-release-macos-x86_64 0.2.0 NOTE
r-release-windows-ix86+x86_64 0.2.0 6.00 49.00 55.00 NOTE
r-oldrel-macos-x86_64 0.2.0 OK
r-oldrel-windows-ix86+x86_64 0.2.0 7.00 49.00 56.00 OK

Check Details

Version: 0.2.0
Check: LazyData
Result: NOTE
     'LazyData' is specified without a 'data' directory
Flavors: r-devel-linux-x86_64-debian-clang, r-devel-linux-x86_64-debian-gcc, r-devel-linux-x86_64-fedora-clang, r-devel-linux-x86_64-fedora-gcc, r-devel-windows-x86_64, r-devel-windows-x86_64-gcc10-UCRT, r-patched-linux-x86_64, r-patched-solaris-x86, r-release-linux-x86_64, r-release-macos-arm64, r-release-macos-x86_64, r-release-windows-ix86+x86_64