CRAN Package Check Results for Package truncSP

Last updated on 2021-10-28 00:49:02 CEST.

Flavor Version Tinstall Tcheck Ttotal Status Flags
r-devel-linux-x86_64-debian-clang 1.2.2 4.06 43.24 47.30 NOTE
r-devel-linux-x86_64-debian-gcc 1.2.2 3.78 33.46 37.24 NOTE
r-devel-linux-x86_64-fedora-clang 1.2.2 68.89 NOTE
r-devel-linux-x86_64-fedora-gcc 1.2.2 57.45 NOTE
r-devel-windows-x86_64 1.2.2 7.00 54.00 61.00 NOTE
r-devel-windows-x86_64-gcc10-UCRT 1.2.2 NOTE
r-patched-linux-x86_64 1.2.2 5.74 42.26 48.00 NOTE
r-patched-solaris-x86 1.2.2 92.40 NOTE
r-release-linux-x86_64 1.2.2 4.14 42.27 46.41 NOTE
r-release-macos-arm64 1.2.2 NOTE
r-release-macos-x86_64 1.2.2 NOTE
r-release-windows-ix86+x86_64 1.2.2 7.00 66.00 73.00 NOTE
r-oldrel-macos-x86_64 1.2.2 NOTE
r-oldrel-windows-ix86+x86_64 1.2.2 7.00 65.00 72.00 NOTE

Check Details

Version: 1.2.2
Check: DESCRIPTION meta-information
Result: NOTE
    Malformed Description field: should contain one or more complete sentences.
Flavors: r-devel-linux-x86_64-debian-clang, r-devel-linux-x86_64-debian-gcc, r-devel-linux-x86_64-fedora-clang, r-devel-linux-x86_64-fedora-gcc, r-devel-windows-x86_64, r-devel-windows-x86_64-gcc10-UCRT, r-patched-linux-x86_64, r-patched-solaris-x86, r-release-linux-x86_64, r-release-macos-arm64, r-release-macos-x86_64, r-release-windows-ix86+x86_64, r-oldrel-macos-x86_64, r-oldrel-windows-ix86+x86_64