CRAN Package Check Results for Package trustOptim

Last updated on 2024-05-21 00:57:28 CEST.

Flavor Version Tinstall Tcheck Ttotal Status Flags
r-devel-linux-x86_64-debian-clang 0.8.7.3 51.15 74.40 125.55 NOTE
r-devel-linux-x86_64-debian-gcc 0.8.7.3 44.01 59.11 103.12 NOTE
r-devel-linux-x86_64-fedora-clang 0.8.7.3 167.24 NOTE
r-devel-linux-x86_64-fedora-gcc 0.8.7.3 212.67 NOTE
r-devel-windows-x86_64 0.8.7.3 39.00 94.00 133.00 NOTE
r-patched-linux-x86_64 0.8.7.3 56.33 74.45 130.78 NOTE
r-release-linux-x86_64 0.8.7.3 48.73 76.24 124.97 NOTE
r-release-macos-arm64 0.8.7.3 54.00 NOTE
r-release-windows-x86_64 0.8.7.3 37.00 95.00 132.00 NOTE
r-oldrel-macos-arm64 0.8.7.3 68.00 NOTE
r-oldrel-macos-x86_64 0.8.7.3 100.00 NOTE
r-oldrel-windows-x86_64 0.8.7.3 47.00 116.00 163.00 NOTE

Check Details

Version: 0.8.7.3
Check: C++ specification
Result: NOTE Specified C++11: please drop specification unless essential Flavors: r-devel-linux-x86_64-debian-clang, r-devel-linux-x86_64-debian-gcc, r-devel-linux-x86_64-fedora-clang, r-devel-linux-x86_64-fedora-gcc, r-devel-windows-x86_64, r-patched-linux-x86_64, r-release-linux-x86_64, r-release-macos-arm64, r-release-windows-x86_64, r-oldrel-macos-arm64, r-oldrel-macos-x86_64, r-oldrel-windows-x86_64

Version: 0.8.7.3
Check: installed package size
Result: NOTE installed size is 8.4Mb sub-directories of 1Mb or more: libs 8.1Mb Flavors: r-release-macos-arm64, r-oldrel-macos-arm64, r-oldrel-macos-x86_64