CRAN Package Check Results for Package tsDyn

Last updated on 2021-10-21 00:50:03 CEST.

Flavor Version Tinstall Tcheck Ttotal Status Flags
r-devel-linux-x86_64-debian-clang 10-1.2 25.87 192.12 217.99 OK
r-devel-linux-x86_64-debian-gcc 10-1.2 21.65 141.07 162.72 OK
r-devel-linux-x86_64-fedora-clang 10-1.2 269.46 NOTE
r-devel-linux-x86_64-fedora-gcc 10-1.2 254.63 OK
r-devel-windows-x86_64 10-1.2 44.00 194.00 238.00 OK
r-devel-windows-x86_64-gcc10-UCRT 10-1.2 OK
r-patched-linux-x86_64 10-1.2 24.17 183.34 207.51 OK
r-patched-solaris-x86 10-1.2 326.40 OK
r-release-linux-x86_64 10-1.2 17.70 185.08 202.78 OK
r-release-macos-arm64 10-1.2 OK
r-release-macos-x86_64 10-1.2 OK
r-release-windows-ix86+x86_64 10-1.2 55.00 306.00 361.00 OK
r-oldrel-macos-x86_64 10-1.2 OK
r-oldrel-windows-ix86+x86_64 10-1.2 52.00 326.00 378.00 OK

Check Details

Version: 10-1.2
Check: Rd cross-references
Result: NOTE
    Undeclared package ‘rugarch’ in Rd xrefs
Flavor: r-devel-linux-x86_64-fedora-clang