Last updated on 2023-12-03 00:57:01 CET.
Flavor | Version | Tinstall | Tcheck | Ttotal | Status | Flags |
---|---|---|---|---|---|---|
r-devel-linux-x86_64-debian-clang | 0.4.1 | 6.77 | 218.92 | 225.69 | NOTE | |
r-devel-linux-x86_64-debian-gcc | 0.4.1 | 6.04 | 146.41 | 152.45 | OK | |
r-devel-linux-x86_64-fedora-clang | 0.4.1 | 251.86 | OK | |||
r-devel-linux-x86_64-fedora-gcc | 0.4.1 | 204.74 | OK | |||
r-devel-windows-x86_64 | 0.4.1 | 6.00 | 109.00 | 115.00 | OK | |
r-patched-linux-x86_64 | 0.4.1 | 7.27 | 172.99 | 180.26 | OK | |
r-release-linux-x86_64 | 0.4.1 | 6.00 | 171.60 | 177.60 | OK | |
r-release-macos-arm64 | 0.4.1 | 52.00 | OK | |||
r-release-macos-x86_64 | 0.4.1 | 158.00 | OK | |||
r-release-windows-x86_64 | 0.4.1 | 9.00 | 142.00 | 151.00 | OK | |
r-oldrel-macos-arm64 | 0.4.1 | 46.00 | OK | |||
r-oldrel-macos-x86_64 | 0.4.1 | 61.00 | OK | |||
r-oldrel-windows-x86_64 | 0.4.1 | 9.00 | 127.00 | 136.00 | OK |
Version: 0.4.1
Check: tests
Result: NOTE
Running ‘spelling.R’ [0s/1s]
Running ‘testthat.R’ [146s/58s]
Running R code in ‘testthat.R’ had CPU time 2.5 times elapsed time
Flavor: r-devel-linux-x86_64-debian-clang