CRAN Package Check Results for Package tsdf

Last updated on 2021-10-19 00:49:35 CEST.

Flavor Version Tinstall Tcheck Ttotal Status Flags
r-devel-linux-x86_64-debian-clang 1.1-8 3.77 39.65 43.42 NOTE
r-devel-linux-x86_64-debian-gcc 1.1-8 2.59 29.25 31.84 NOTE
r-devel-linux-x86_64-fedora-clang 1.1-8 61.53 NOTE
r-devel-linux-x86_64-fedora-gcc 1.1-8 50.83 NOTE
r-devel-windows-x86_64 1.1-8 6.00 50.00 56.00 NOTE
r-devel-windows-x86_64-gcc10-UCRT 1.1-8 NOTE
r-patched-linux-x86_64 1.1-8 3.39 32.69 36.08 NOTE
r-patched-solaris-x86 1.1-8 67.60 NOTE
r-release-linux-x86_64 1.1-8 3.42 32.88 36.30 NOTE
r-release-macos-arm64 1.1-8 NOTE
r-release-macos-x86_64 1.1-8 NOTE
r-release-windows-ix86+x86_64 1.1-8 6.00 51.00 57.00 NOTE
r-oldrel-macos-x86_64 1.1-8 OK
r-oldrel-windows-ix86+x86_64 1.1-8 8.00 66.00 74.00 OK

Check Details

Version: 1.1-8
Check: LazyData
Result: NOTE
     'LazyData' is specified without a 'data' directory
Flavors: r-devel-linux-x86_64-debian-clang, r-devel-linux-x86_64-debian-gcc, r-devel-linux-x86_64-fedora-clang, r-devel-linux-x86_64-fedora-gcc, r-devel-windows-x86_64, r-devel-windows-x86_64-gcc10-UCRT, r-patched-linux-x86_64, r-patched-solaris-x86, r-release-linux-x86_64, r-release-macos-arm64, r-release-macos-x86_64, r-release-windows-ix86+x86_64