CRAN Package Check Results for Package tsibbledata

Last updated on 2021-11-27 00:51:48 CET.

Flavor Version Tinstall Tcheck Ttotal Status Flags
r-devel-linux-x86_64-debian-clang 0.3.0 5.09 28.18 33.27 OK
r-devel-linux-x86_64-debian-gcc 0.3.0 3.87 22.05 25.92 OK
r-devel-linux-x86_64-fedora-clang 0.3.0 50.29 NOTE
r-devel-linux-x86_64-fedora-gcc 0.3.0 39.36 NOTE
r-devel-windows-x86_64-new-UL 0.3.0 12.00 69.00 81.00 OK
r-devel-windows-x86_64-new-TK 0.3.0 NOTE
r-devel-windows-x86_64-old 0.3.0 7.00 52.00 59.00 OK
r-patched-linux-x86_64 0.3.0 5.37 26.57 31.94 OK
r-patched-solaris-x86 0.3.0 61.60 NOTE
r-release-linux-x86_64 0.3.0 OK
r-release-macos-arm64 0.3.0 NOTE
r-release-macos-x86_64 0.3.0 NOTE
r-release-windows-ix86+x86_64 0.3.0 10.00 35.00 45.00 OK
r-oldrel-macos-x86_64 0.3.0 NOTE
r-oldrel-windows-ix86+x86_64 0.3.0 26.00 52.00 78.00 OK

Check Details

Version: 0.3.0
Check: dependencies in R code
Result: NOTE
    Namespace in Imports field not imported from: ‘tsibble’
     All declared Imports should be used.
Flavors: r-devel-linux-x86_64-fedora-clang, r-devel-linux-x86_64-fedora-gcc, r-devel-windows-x86_64-new-TK, r-patched-solaris-x86, r-release-macos-arm64, r-release-macos-x86_64, r-oldrel-macos-x86_64