CRAN Package Check Results for Package tsmp

Last updated on 2021-10-25 00:49:29 CEST.

Flavor Version Tinstall Tcheck Ttotal Status Flags
r-devel-linux-x86_64-debian-clang 0.4.14 55.84 112.08 167.92 NOTE
r-devel-linux-x86_64-debian-gcc 0.4.14 41.80 82.19 123.99 NOTE
r-devel-linux-x86_64-fedora-clang 0.4.14 223.71 NOTE
r-devel-linux-x86_64-fedora-gcc 0.4.14 202.36 NOTE
r-devel-windows-x86_64 0.4.14 73.00 114.00 187.00 NOTE
r-devel-windows-x86_64-gcc10-UCRT 0.4.14 NOTE
r-patched-linux-x86_64 0.4.14 52.75 107.77 160.52 NOTE
r-patched-solaris-x86 0.4.14 226.00 NOTE
r-release-linux-x86_64 0.4.14 50.85 107.48 158.33 NOTE
r-release-macos-arm64 0.4.14 NOTE
r-release-macos-x86_64 0.4.14 NOTE
r-release-windows-ix86+x86_64 0.4.14 87.00 189.00 276.00 NOTE
r-oldrel-macos-x86_64 0.4.14 NOTE
r-oldrel-windows-ix86+x86_64 0.4.14 117.00 191.00 308.00 NOTE

Additional issues

clang-UBSAN

Check Details

Version: 0.4.14
Check: for GNU extensions in Makefiles
Result: NOTE
    GNU make is a SystemRequirements.
Flavors: r-devel-linux-x86_64-debian-clang, r-devel-linux-x86_64-debian-gcc, r-devel-linux-x86_64-fedora-clang, r-devel-linux-x86_64-fedora-gcc, r-devel-windows-x86_64, r-devel-windows-x86_64-gcc10-UCRT, r-patched-linux-x86_64, r-patched-solaris-x86, r-release-linux-x86_64, r-release-macos-arm64, r-release-macos-x86_64, r-release-windows-ix86+x86_64, r-oldrel-macos-x86_64, r-oldrel-windows-ix86+x86_64

Version: 0.4.14
Check: installed package size
Result: NOTE
     installed size is 8.2Mb
     sub-directories of 1Mb or more:
     data 4.6Mb
     libs 2.2Mb
Flavors: r-devel-linux-x86_64-fedora-clang, r-devel-windows-x86_64, r-patched-solaris-x86, r-release-macos-arm64, r-release-macos-x86_64, r-release-windows-ix86+x86_64, r-oldrel-macos-x86_64, r-oldrel-windows-ix86+x86_64