CRAN Package Check Results for Package tsnet

Last updated on 2024-06-13 00:55:35 CEST.

Flavor Version Tinstall Tcheck Ttotal Status Flags
r-devel-linux-x86_64-debian-clang 0.1.0 802.01 339.73 1141.74 OK
r-devel-linux-x86_64-debian-gcc 0.1.0 0.39 1.77 2.16 ERROR
r-devel-linux-x86_64-fedora-clang 0.1.0 982.89 NOTE
r-devel-linux-x86_64-fedora-gcc 0.1.0 1508.89 NOTE
r-devel-windows-x86_64 0.1.0 497.00 344.00 841.00 NOTE
r-patched-linux-x86_64 0.1.0 511.70 410.58 922.28 OK
r-release-linux-x86_64 0.1.0 550.05 406.36 956.41 OK
r-release-macos-arm64 0.1.0 281.00 NOTE
r-release-macos-x86_64 0.1.0 318.00 NOTE
r-release-windows-x86_64 0.1.0 495.00 366.00 861.00 NOTE
r-oldrel-macos-arm64 0.1.0 262.00 NOTE
r-oldrel-macos-x86_64 0.1.0 469.00 NOTE
r-oldrel-windows-x86_64 0.1.0 672.00 454.00 1126.00 NOTE

Check Details

Version: 0.1.0
Check: package dependencies
Result: ERROR Packages required but not available: 'cowplot', 'dplyr', 'ggdist', 'ggokabeito', 'ggplot2', 'posterior', 'rstan', 'tidyr' Package suggested but not available for checking: ‘testthat’ See section ‘The DESCRIPTION file’ in the ‘Writing R Extensions’ manual. Flavor: r-devel-linux-x86_64-debian-gcc

Version: 0.1.0
Check: installed package size
Result: NOTE installed size is 6.9Mb sub-directories of 1Mb or more: libs 5.8Mb Flavors: r-devel-linux-x86_64-fedora-clang, r-devel-windows-x86_64, r-release-macos-arm64, r-release-macos-x86_64, r-release-windows-x86_64, r-oldrel-macos-arm64, r-oldrel-macos-x86_64, r-oldrel-windows-x86_64

Version: 0.1.0
Check: for GNU extensions in Makefiles
Result: NOTE GNU make is a SystemRequirements. Flavors: r-devel-linux-x86_64-fedora-clang, r-devel-linux-x86_64-fedora-gcc, r-release-macos-arm64, r-release-macos-x86_64, r-oldrel-macos-arm64, r-oldrel-macos-x86_64