CRAN Package Check Results for Package tsxtreme

Last updated on 2023-09-24 00:56:56 CEST.

Flavor Version Tinstall Tcheck Ttotal Status Flags
r-devel-linux-x86_64-debian-clang 0.3.3 10.05 40.05 50.10 NOTE
r-devel-linux-x86_64-debian-gcc 0.3.3 8.91 30.68 39.59 NOTE
r-devel-linux-x86_64-fedora-clang 0.3.3 65.82 NOTE
r-devel-linux-x86_64-fedora-gcc 0.3.3 62.54 NOTE
r-devel-windows-x86_64 0.3.3 10.00 60.00 70.00 NOTE
r-patched-linux-x86_64 0.3.3 9.59 36.98 46.57 NOTE
r-release-linux-x86_64 0.3.3 9.94 37.69 47.63 NOTE
r-release-macos-arm64 0.3.3 23.00 NOTE
r-release-macos-x86_64 0.3.3 33.00 NOTE
r-release-windows-x86_64 0.3.3 11.00 62.00 73.00 NOTE
r-oldrel-macos-arm64 0.3.3 22.00 OK
r-oldrel-macos-x86_64 0.3.3 29.00 OK
r-oldrel-windows-x86_64 0.3.3 14.00 62.00 76.00 OK

Check Details

Version: 0.3.3
Check: package subdirectories
Result: NOTE
    Problems with news in ‘NEWS.md’:
    No news entries found.
Flavors: r-devel-linux-x86_64-debian-clang, r-devel-linux-x86_64-debian-gcc, r-devel-linux-x86_64-fedora-clang, r-devel-linux-x86_64-fedora-gcc, r-devel-windows-x86_64, r-patched-linux-x86_64, r-release-linux-x86_64, r-release-macos-arm64, r-release-macos-x86_64, r-release-windows-x86_64