CRAN Package Check Results for Package ttScreening

Last updated on 2021-10-20 00:49:58 CEST.

Flavor Version Tinstall Tcheck Ttotal Status Flags
r-devel-linux-x86_64-debian-clang 1.6 28.78 228.11 256.89 OK
r-devel-linux-x86_64-debian-gcc 1.6 21.42 173.01 194.43 OK
r-devel-linux-x86_64-fedora-clang 1.6 318.58 OK
r-devel-linux-x86_64-fedora-gcc 1.6 303.57 OK
r-devel-windows-x86_64 1.6 39.00 204.00 243.00 OK
r-devel-windows-x86_64-gcc10-UCRT 1.6 ERROR
r-patched-linux-x86_64 1.6 33.46 215.88 249.34 OK
r-patched-solaris-x86 1.6 411.00 OK
r-release-linux-x86_64 1.6 27.66 217.57 245.23 OK
r-release-macos-arm64 1.6 OK
r-release-macos-x86_64 1.6 OK
r-release-windows-ix86+x86_64 1.6 43.00 247.00 290.00 OK
r-oldrel-macos-x86_64 1.6 OK
r-oldrel-windows-ix86+x86_64 1.6 54.00 210.00 264.00 OK

Check Details

Version: 1.6
Check: package dependencies
Result: ERROR
    Package required but not available: 'sva'
    
    See section 'The DESCRIPTION file' in the 'Writing R Extensions'
    manual.
Flavor: r-devel-windows-x86_64-gcc10-UCRT