Last updated on 2023-09-26 01:06:38 CEST.
Flavor | Version | Tinstall | Tcheck | Ttotal | Status | Flags |
---|---|---|---|---|---|---|
r-devel-linux-x86_64-debian-clang | 0.9.9 | 7.59 | 64.04 | 71.63 | NOTE | |
r-devel-linux-x86_64-debian-gcc | 0.9.9 | 5.15 | 48.59 | 53.74 | NOTE | |
r-devel-linux-x86_64-fedora-clang | 0.9.9 | 87.01 | NOTE | |||
r-devel-linux-x86_64-fedora-gcc | 0.9.9 | 95.55 | NOTE | |||
r-devel-windows-x86_64 | 0.9.9 | 7.00 | 81.00 | 88.00 | NOTE | |
r-patched-linux-x86_64 | 0.9.9 | 13.80 | 60.02 | 73.82 | NOTE | |
r-release-linux-x86_64 | 0.9.9 | 6.51 | 60.58 | 67.09 | NOTE | |
r-release-macos-arm64 | 0.9.9 | 37.00 | NOTE | |||
r-release-macos-x86_64 | 0.9.9 | 54.00 | NOTE | |||
r-release-windows-x86_64 | 0.9.9 | 10.00 | 90.00 | 100.00 | NOTE | |
r-oldrel-macos-arm64 | 0.9.9 | 28.00 | NOTE | |||
r-oldrel-macos-x86_64 | 0.9.9 | 55.00 | NOTE | |||
r-oldrel-windows-x86_64 | 0.9.9 | 11.00 | 86.00 | 97.00 | NOTE |
Version: 0.9.9
Check: LazyData
Result: NOTE
'LazyData' is specified without a 'data' directory
Flavors: r-devel-linux-x86_64-debian-clang, r-devel-linux-x86_64-debian-gcc, r-devel-linux-x86_64-fedora-clang, r-devel-linux-x86_64-fedora-gcc, r-devel-windows-x86_64, r-patched-linux-x86_64, r-release-linux-x86_64, r-release-macos-arm64, r-release-macos-x86_64, r-release-windows-x86_64, r-oldrel-macos-arm64, r-oldrel-macos-x86_64, r-oldrel-windows-x86_64