CRAN Package Check Results for Package tuneR

Last updated on 2021-12-07 00:49:35 CET.

Flavor Version Tinstall Tcheck Ttotal Status Flags
r-devel-linux-x86_64-debian-clang 1.3.3.1 16.41 65.79 82.20 OK
r-devel-linux-x86_64-debian-gcc 1.3.3.1 10.82 51.49 62.31 OK
r-devel-linux-x86_64-fedora-clang 1.3.3.1 105.85 OK
r-devel-linux-x86_64-fedora-gcc 1.3.3.1 88.68 OK
r-devel-windows-x86_64-new-UL 1.3.3.1 43.00 104.00 147.00 OK
r-devel-windows-x86_64-new-TK 1.3.3.1 OK
r-devel-windows-x86_64-old 1.3.3.1 27.00 65.00 92.00 OK
r-patched-linux-x86_64 1.3.3.1 16.49 55.78 72.27 OK
r-release-linux-x86_64 1.3.3.1 13.92 64.19 78.11 OK
r-release-macos-arm64 1.3.3.1 OK
r-release-macos-x86_64 1.3.3.1 WARN
r-release-windows-ix86+x86_64 1.3.3.1 40.00 105.00 145.00 OK
r-oldrel-macos-x86_64 1.3.3.1 WARN
r-oldrel-windows-ix86+x86_64 1.3.3.1 39.00 108.00 147.00 OK

Additional issues

clang-UBSAN

Check Details

Version: 1.3.3.1
Check: whether package can be installed
Result: WARN
    Found the following significant warnings:
     frame.c:147:21: warning: result of comparison of constant 4 with expression of type 'enum mad_layer' is always false [-Wtautological-constant-out-of-range-compare]
Flavors: r-release-macos-x86_64, r-oldrel-macos-x86_64