CRAN Package Check Results for Package tuneRanger

Last updated on 2021-10-26 01:00:10 CEST.

Flavor Version Tinstall Tcheck Ttotal Status Flags
r-devel-linux-x86_64-debian-clang 0.5 13.55 142.67 156.22 NOTE
r-devel-linux-x86_64-debian-gcc 0.5 11.55 107.84 119.39 NOTE
r-devel-linux-x86_64-fedora-clang 0.5 196.85 NOTE
r-devel-linux-x86_64-fedora-gcc 0.5 186.91 NOTE
r-devel-windows-x86_64 0.5 21.00 130.00 151.00 NOTE
r-devel-windows-x86_64-gcc10-UCRT 0.5 NOTE
r-patched-linux-x86_64 0.5 13.33 135.42 148.75 NOTE
r-patched-solaris-x86 0.5 302.00 NOTE
r-release-linux-x86_64 0.5 13.19 136.62 149.81 NOTE
r-release-macos-arm64 0.5 NOTE
r-release-macos-x86_64 0.5 NOTE
r-release-windows-ix86+x86_64 0.5 25.00 169.00 194.00 NOTE
r-oldrel-macos-x86_64 0.5 OK
r-oldrel-windows-ix86+x86_64 0.5 32.00 169.00 201.00 OK

Check Details

Version: 0.5
Check: LazyData
Result: NOTE
     'LazyData' is specified without a 'data' directory
Flavors: r-devel-linux-x86_64-debian-clang, r-devel-linux-x86_64-debian-gcc, r-devel-linux-x86_64-fedora-clang, r-devel-linux-x86_64-fedora-gcc, r-devel-windows-x86_64, r-devel-windows-x86_64-gcc10-UCRT, r-patched-linux-x86_64, r-patched-solaris-x86, r-release-linux-x86_64, r-release-macos-arm64, r-release-macos-x86_64, r-release-windows-ix86+x86_64

Version: 0.5
Check: Rd cross-references
Result: NOTE
    Undeclared package ‘randomForest’ in Rd xrefs
Flavor: r-devel-linux-x86_64-fedora-clang