CRAN Package Check Results for Package tutorial

Last updated on 2021-10-19 00:49:35 CEST.

Flavor Version Tinstall Tcheck Ttotal Status Flags
r-devel-linux-x86_64-debian-clang 0.4.3 2.21 31.34 33.55 NOTE
r-devel-linux-x86_64-debian-gcc 0.4.3 1.68 25.13 26.81 NOTE
r-devel-linux-x86_64-fedora-clang 0.4.3 53.35 NOTE
r-devel-linux-x86_64-fedora-gcc 0.4.3 40.63 NOTE
r-devel-windows-x86_64 0.4.3 6.00 52.00 58.00 NOTE
r-devel-windows-x86_64-gcc10-UCRT 0.4.3 NOTE
r-patched-linux-x86_64 0.4.3 2.18 30.41 32.59 NOTE
r-patched-solaris-x86 0.4.3 49.90 NOTE
r-release-linux-x86_64 0.4.3 1.84 30.03 31.87 NOTE
r-release-macos-arm64 0.4.3 NOTE
r-release-macos-x86_64 0.4.3 NOTE
r-release-windows-ix86+x86_64 0.4.3 4.00 61.00 65.00 ERROR
r-oldrel-macos-x86_64 0.4.3 OK
r-oldrel-windows-ix86+x86_64 0.4.3 5.00 62.00 67.00 OK

Check Details

Version: 0.4.3
Check: LazyData
Result: NOTE
     'LazyData' is specified without a 'data' directory
Flavors: r-devel-linux-x86_64-debian-clang, r-devel-linux-x86_64-debian-gcc, r-devel-linux-x86_64-fedora-clang, r-devel-linux-x86_64-fedora-gcc, r-devel-windows-x86_64, r-devel-windows-x86_64-gcc10-UCRT, r-patched-linux-x86_64, r-patched-solaris-x86, r-release-linux-x86_64, r-release-macos-arm64, r-release-macos-x86_64, r-release-windows-ix86+x86_64

Version: 0.4.3
Check: tests
Result: ERROR
     Running 'testthat.R' [19s]
    Running the tests in 'tests/testthat.R' failed.
    Complete output:
     > library("testthat")
     > test_check("tutorial")
     Loading required package: tutorial
     == Failed tests ================================================================
     -- Error (test-render.R:94:5): renderer works as expected in fiddle-form -------
     Error: pandoc document conversion failed with error 5
     Backtrace:
     x
     1. \-tutorial:::test_it(doc11) test-render.R:94:4
     2. \-rmarkdown::render(input, quiet = TRUE) test-render.R:84:6
     3. \-rmarkdown:::convert(output_file, run_citeproc)
     4. \-rmarkdown::pandoc_convert(...)
     5. \-rmarkdown:::stop2(...)
    
     [ FAIL 1 | WARN 1 | SKIP 0 | PASS 49 ]
     Error: Test failures
     Execution halted
Flavor: r-release-windows-ix86+x86_64