Last updated on 2023-03-28 00:52:06 CEST.
Flavor | Version | Tinstall | Tcheck | Ttotal | Status | Flags |
---|---|---|---|---|---|---|
r-devel-linux-x86_64-debian-clang | 1.3.2 | 7.13 | 107.16 | 114.29 | OK | |
r-devel-linux-x86_64-debian-gcc | 1.3.2 | 6.11 | 81.01 | 87.12 | OK | |
r-devel-linux-x86_64-fedora-clang | 1.3.2 | 139.99 | NOTE | |||
r-devel-linux-x86_64-fedora-gcc | 1.3.2 | 144.15 | OK | |||
r-patched-linux-x86_64 | 1.3.2 | 9.16 | 101.97 | 111.13 | OK | |
r-release-linux-x86_64 | 1.3.2 | 7.94 | 100.13 | 108.07 | OK | |
r-release-macos-arm64 | 1.3.2 | 47.00 | OK | |||
r-release-macos-x86_64 | 1.3.2 | 59.00 | OK | |||
r-release-windows-x86_64 | 1.3.2 | 63.00 | 144.00 | 207.00 | OK | |
r-oldrel-macos-arm64 | 1.3.2 | 49.00 | OK | |||
r-oldrel-macos-x86_64 | 1.3.2 | 63.00 | OK | |||
r-oldrel-windows-ix86+x86_64 | 1.3.2 | 20.00 | 134.00 | 154.00 | OK |
Version: 1.3.2
Check: Rd cross-references
Result: NOTE
Undeclared package ‘rlang’ in Rd xrefs
Flavor: r-devel-linux-x86_64-fedora-clang