Last updated on 2023-10-04 00:58:40 CEST.
Flavor | Version | Tinstall | Tcheck | Ttotal | Status | Flags |
---|---|---|---|---|---|---|
r-devel-linux-x86_64-debian-clang | 1.0.0 | 9.71 | 88.67 | 98.38 | OK | |
r-devel-linux-x86_64-debian-gcc | 1.0.0 | 7.77 | 68.08 | 75.85 | OK | |
r-devel-linux-x86_64-fedora-clang | 1.0.0 | 117.33 | NOTE | |||
r-devel-linux-x86_64-fedora-gcc | 1.0.0 | 125.90 | NOTE | |||
r-devel-windows-x86_64 | 1.0.0 | 9.00 | 83.00 | 92.00 | OK | |
r-patched-linux-x86_64 | 1.0.0 | 7.31 | 84.70 | 92.01 | OK | |
r-release-linux-x86_64 | 1.0.0 | 9.51 | 85.02 | 94.53 | OK | |
r-release-macos-arm64 | 1.0.0 | 50.00 | OK | |||
r-release-macos-x86_64 | 1.0.0 | 74.00 | OK | |||
r-release-windows-x86_64 | 1.0.0 | 11.00 | 97.00 | 108.00 | OK | |
r-oldrel-macos-arm64 | 1.0.0 | 37.00 | NOTE | |||
r-oldrel-macos-x86_64 | 1.0.0 | 52.00 | NOTE | |||
r-oldrel-windows-x86_64 | 1.0.0 | 11.00 | 95.00 | 106.00 | OK |
Version: 1.0.0
Check: dependencies in R code
Result: NOTE
Namespace in Imports field not imported from: ‘Rcpp’
All declared Imports should be used.
Flavors: r-devel-linux-x86_64-fedora-clang, r-devel-linux-x86_64-fedora-gcc, r-oldrel-macos-arm64, r-oldrel-macos-x86_64