CRAN Package Check Results for Package twangMediation

Last updated on 2021-10-15 00:49:20 CEST.

Flavor Version Tinstall Tcheck Ttotal Status Flags
r-devel-linux-x86_64-debian-clang 1.0 10.54 116.27 126.81 OK
r-devel-linux-x86_64-debian-gcc 1.0 8.62 90.73 99.35 OK
r-devel-linux-x86_64-fedora-clang 1.0 164.10 NOTE
r-devel-linux-x86_64-fedora-gcc 1.0 150.66 OK
r-devel-windows-x86_64 1.0 15.00 117.00 132.00 OK
r-devel-windows-x86_64-gcc10-UCRT 1.0 OK
r-patched-linux-x86_64 1.0 12.74 114.43 127.17 OK
r-patched-solaris-x86 1.0 230.40 OK
r-release-linux-x86_64 1.0 10.12 111.63 121.75 OK
r-release-macos-arm64 1.0 OK
r-release-macos-x86_64 1.0 OK
r-release-windows-ix86+x86_64 1.0 22.00 154.00 176.00 OK
r-oldrel-macos-x86_64 1.0 OK
r-oldrel-windows-ix86+x86_64 1.0 23.00 161.00 184.00 OK

Check Details

Version: 1.0
Check: Rd cross-references
Result: NOTE
    Undeclared package ‘xgboost’ in Rd xrefs
Flavor: r-devel-linux-x86_64-fedora-clang