CRAN Package Check Results for Package twn

Last updated on 2021-10-19 00:49:35 CEST.

Flavor Version Tinstall Tcheck Ttotal Status Flags
r-devel-linux-x86_64-debian-clang 0.2.0 8.87 50.53 59.40 OK
r-devel-linux-x86_64-debian-gcc 0.2.0 7.85 39.24 47.09 OK
r-devel-linux-x86_64-fedora-clang 0.2.0 85.11 NOTE
r-devel-linux-x86_64-fedora-gcc 0.2.0 71.80 NOTE
r-devel-windows-x86_64 0.2.0 16.00 60.00 76.00 OK
r-devel-windows-x86_64-gcc10-UCRT 0.2.0 NOTE
r-patched-linux-x86_64 0.2.0 9.71 47.88 57.59 OK
r-patched-solaris-x86 0.2.0 115.20 NOTE
r-release-linux-x86_64 0.2.0 9.08 48.04 57.12 OK
r-release-macos-arm64 0.2.0 NOTE
r-release-macos-x86_64 0.2.0 NOTE
r-release-windows-ix86+x86_64 0.2.0 19.00 69.00 88.00 OK
r-oldrel-macos-x86_64 0.2.0 NOTE
r-oldrel-windows-ix86+x86_64 0.2.0 20.00 72.00 92.00 OK

Check Details

Version: 0.2.0
Check: data for non-ASCII characters
Result: NOTE
     Note: found 9 marked UTF-8 strings
Flavors: r-devel-linux-x86_64-fedora-clang, r-devel-linux-x86_64-fedora-gcc, r-devel-windows-x86_64-gcc10-UCRT, r-patched-solaris-x86, r-release-macos-arm64, r-release-macos-x86_64, r-oldrel-macos-x86_64