Last updated on 2023-09-21 00:56:47 CEST.
Flavor | Version | Tinstall | Tcheck | Ttotal | Status | Flags |
---|---|---|---|---|---|---|
r-devel-linux-x86_64-debian-clang | 0.3.8 | 16.12 | 234.98 | 251.10 | NOTE | |
r-devel-linux-x86_64-debian-gcc | 0.3.8 | 8.80 | 169.35 | 178.15 | NOTE | |
r-devel-linux-x86_64-fedora-clang | 0.3.8 | 305.36 | NOTE | |||
r-devel-linux-x86_64-fedora-gcc | 0.3.8 | 317.88 | NOTE | |||
r-devel-windows-x86_64 | 0.3.8 | 13.00 | 186.00 | 199.00 | NOTE | |
r-patched-linux-x86_64 | 0.3.8 | 13.40 | 224.43 | 237.83 | NOTE | |
r-release-linux-x86_64 | 0.3.8 | 9.61 | 221.52 | 231.13 | NOTE | |
r-release-macos-arm64 | 0.3.8 | 85.00 | NOTE | |||
r-release-macos-x86_64 | 0.3.8 | 140.00 | NOTE | |||
r-release-windows-x86_64 | 0.3.8 | 18.00 | 238.00 | 256.00 | NOTE | |
r-oldrel-macos-arm64 | 0.3.8 | 68.00 | NOTE | |||
r-oldrel-macos-x86_64 | 0.3.8 | 123.00 | NOTE | |||
r-oldrel-windows-x86_64 | 0.3.8 | 19.00 | 231.00 | 250.00 | NOTE |
Version: 0.3.8
Check: package dependencies
Result: NOTE
Package which this enhances but not available for checking: ‘sl3’
Flavors: r-devel-linux-x86_64-debian-clang, r-devel-linux-x86_64-debian-gcc, r-devel-linux-x86_64-fedora-clang, r-devel-linux-x86_64-fedora-gcc, r-devel-windows-x86_64, r-patched-linux-x86_64, r-release-linux-x86_64, r-release-macos-arm64, r-release-macos-x86_64, r-release-windows-x86_64, r-oldrel-macos-arm64, r-oldrel-macos-x86_64, r-oldrel-windows-x86_64