CRAN Package Check Results for Package ucminf

Last updated on 2021-12-06 00:48:45 CET.

Flavor Version Tinstall Tcheck Ttotal Status Flags
r-devel-linux-x86_64-debian-clang 1.1-4 3.04 30.03 33.07 OK
r-devel-linux-x86_64-debian-gcc 1.1-4 2.23 24.72 26.95 OK
r-devel-linux-x86_64-fedora-clang 1.1-4 44.26 NOTE
r-devel-linux-x86_64-fedora-gcc 1.1-4 31.49 NOTE
r-devel-windows-x86_64-new-UL 1.1-4 9.00 63.00 72.00 OK
r-devel-windows-x86_64-new-TK 1.1-4 OK
r-devel-windows-x86_64-old 1.1-4 6.00 29.00 35.00 OK
r-patched-linux-x86_64 1.1-4 2.66 21.35 24.01 OK
r-release-linux-x86_64 1.1-4 2.64 29.40 32.04 OK
r-release-macos-arm64 1.1-4 OK
r-release-macos-x86_64 1.1-4 OK
r-release-windows-ix86+x86_64 1.1-4 10.00 35.00 45.00 OK
r-oldrel-macos-x86_64 1.1-4 OK
r-oldrel-windows-ix86+x86_64 1.1-4 257.00 38.00 295.00 OK

Additional issues

rchk

Check Details

Version: 1.1-4
Check: compiled code
Result: NOTE
    File ‘ucminf/libs/ucminf.so’:
     Found no calls to: ‘R_registerRoutines’, ‘R_useDynamicSymbols’
    
    It is good practice to register native routines and to disable symbol
    search.
    
    See ‘Writing portable packages’ in the ‘Writing R Extensions’ manual.
Flavors: r-devel-linux-x86_64-fedora-clang, r-devel-linux-x86_64-fedora-gcc