CRAN Package Check Results for Package ukpolice

Last updated on 2021-10-23 00:49:12 CEST.

Flavor Version Tinstall Tcheck Ttotal Status Flags
r-devel-linux-x86_64-debian-clang 0.2.2 4.14 37.91 42.05 NOTE
r-devel-linux-x86_64-debian-gcc 0.2.2 3.00 29.28 32.28 NOTE
r-devel-linux-x86_64-fedora-clang 0.2.2 60.67 NOTE
r-devel-linux-x86_64-fedora-gcc 0.2.2 49.09 NOTE
r-devel-windows-x86_64 0.2.2 7.00 45.00 52.00 NOTE
r-devel-windows-x86_64-gcc10-UCRT 0.2.2 NOTE
r-patched-linux-x86_64 0.2.2 4.00 35.88 39.88 NOTE
r-patched-solaris-x86 0.2.2 78.00 NOTE
r-release-linux-x86_64 0.2.2 3.83 35.79 39.62 NOTE
r-release-macos-arm64 0.2.2 NOTE
r-release-macos-x86_64 0.2.2 NOTE
r-release-windows-ix86+x86_64 0.2.2 7.00 60.00 67.00 NOTE
r-oldrel-macos-x86_64 0.2.2 OK
r-oldrel-windows-ix86+x86_64 0.2.2 9.00 59.00 68.00 OK

Check Details

Version: 0.2.2
Check: LazyData
Result: NOTE
     'LazyData' is specified without a 'data' directory
Flavors: r-devel-linux-x86_64-debian-clang, r-devel-linux-x86_64-debian-gcc, r-devel-linux-x86_64-fedora-clang, r-devel-linux-x86_64-fedora-gcc, r-devel-windows-x86_64, r-devel-windows-x86_64-gcc10-UCRT, r-patched-linux-x86_64, r-patched-solaris-x86, r-release-linux-x86_64, r-release-macos-arm64, r-release-macos-x86_64, r-release-windows-ix86+x86_64