Last updated on 2023-09-23 00:54:09 CEST.
Flavor | Version | Tinstall | Tcheck | Ttotal | Status | Flags |
---|---|---|---|---|---|---|
r-devel-linux-x86_64-debian-clang | 1.1.1 | 50.18 | 117.44 | 167.62 | NOTE | |
r-devel-linux-x86_64-debian-gcc | 1.1.1 | 35.20 | 86.81 | 122.01 | NOTE | |
r-devel-linux-x86_64-fedora-clang | 1.1.1 | 223.26 | NOTE | |||
r-devel-linux-x86_64-fedora-gcc | 1.1.1 | 210.41 | NOTE | |||
r-devel-windows-x86_64 | 1.1.1 | 39.00 | 127.00 | 166.00 | NOTE | |
r-patched-linux-x86_64 | 1.1.1 | 44.20 | 112.09 | 156.29 | NOTE | |
r-release-linux-x86_64 | 1.1.1 | 40.19 | 113.68 | 153.87 | NOTE | |
r-release-macos-arm64 | 1.1.1 | 57.00 | NOTE | |||
r-release-macos-x86_64 | 1.1.1 | 103.00 | NOTE | |||
r-release-windows-x86_64 | 1.1.1 | 48.00 | 152.00 | 200.00 | NOTE | |
r-oldrel-macos-arm64 | 1.1.1 | 50.00 | NOTE | |||
r-oldrel-macos-x86_64 | 1.1.1 | 87.00 | NOTE | |||
r-oldrel-windows-x86_64 | 1.1.1 | 49.00 | 147.00 | 196.00 | NOTE |
Version: 1.1.1
Check: package subdirectories
Result: NOTE
Problems with news in ‘NEWS.md’:
No news entries found.
Flavors: r-devel-linux-x86_64-debian-clang, r-devel-linux-x86_64-debian-gcc, r-devel-linux-x86_64-fedora-clang, r-devel-linux-x86_64-fedora-gcc, r-devel-windows-x86_64, r-patched-linux-x86_64, r-release-linux-x86_64, r-release-macos-arm64, r-release-macos-x86_64, r-release-windows-x86_64
Version: 1.1.1
Check: LazyData
Result: NOTE
'LazyData' is specified without a 'data' directory
Flavors: r-devel-linux-x86_64-debian-clang, r-devel-linux-x86_64-debian-gcc, r-devel-linux-x86_64-fedora-clang, r-devel-linux-x86_64-fedora-gcc, r-devel-windows-x86_64, r-patched-linux-x86_64, r-release-linux-x86_64, r-release-macos-arm64, r-release-macos-x86_64, r-release-windows-x86_64, r-oldrel-macos-arm64, r-oldrel-macos-x86_64, r-oldrel-windows-x86_64