CRAN Package Check Results for Package unglue

Last updated on 2021-10-21 00:50:04 CEST.

Flavor Version Tinstall Tcheck Ttotal Status Flags
r-devel-linux-x86_64-debian-clang 0.1.0 2.48 22.68 25.16 NOTE
r-devel-linux-x86_64-debian-gcc 0.1.0 1.81 17.94 19.75 NOTE
r-devel-linux-x86_64-fedora-clang 0.1.0 41.54 NOTE
r-devel-linux-x86_64-fedora-gcc 0.1.0 40.89 NOTE
r-devel-windows-x86_64 0.1.0 5.00 32.00 37.00 NOTE
r-devel-windows-x86_64-gcc10-UCRT 0.1.0 NOTE
r-patched-linux-x86_64 0.1.0 2.45 22.25 24.70 NOTE
r-patched-solaris-x86 0.1.0 49.70 NOTE
r-release-linux-x86_64 0.1.0 2.34 22.87 25.21 NOTE
r-release-macos-arm64 0.1.0 NOTE
r-release-macos-x86_64 0.1.0 NOTE
r-release-windows-ix86+x86_64 0.1.0 4.00 39.00 43.00 NOTE
r-oldrel-macos-x86_64 0.1.0 OK
r-oldrel-windows-ix86+x86_64 0.1.0 5.00 41.00 46.00 OK

Check Details

Version: 0.1.0
Check: LazyData
Result: NOTE
     'LazyData' is specified without a 'data' directory
Flavors: r-devel-linux-x86_64-debian-clang, r-devel-linux-x86_64-debian-gcc, r-devel-linux-x86_64-fedora-clang, r-devel-linux-x86_64-fedora-gcc, r-devel-windows-x86_64, r-devel-windows-x86_64-gcc10-UCRT, r-patched-linux-x86_64, r-patched-solaris-x86, r-release-linux-x86_64, r-release-macos-arm64, r-release-macos-x86_64, r-release-windows-ix86+x86_64