CRAN Package Check Results for Package unicol

Last updated on 2024-07-16 00:56:15 CEST.

Flavor Version Tinstall Tcheck Ttotal Status Flags
r-devel-linux-x86_64-debian-clang 0.3.0 9.80 176.18 185.98 OK
r-devel-linux-x86_64-debian-gcc 0.3.0 9.12 127.23 136.35 OK
r-devel-linux-x86_64-fedora-clang 0.3.0 231.58 OK
r-devel-linux-x86_64-fedora-gcc 0.3.0 230.64 OK
r-devel-windows-x86_64 0.3.0 16.00 233.00 249.00 NOTE
r-patched-linux-x86_64 0.3.0 50.14 164.95 215.09 OK
r-release-linux-x86_64 0.3.0 10.26 162.88 173.14 OK
r-release-macos-arm64 0.3.0 69.00 OK
r-release-macos-x86_64 0.3.0 102.00 OK
r-release-windows-x86_64 0.3.0 15.00 226.00 241.00 OK
r-oldrel-macos-arm64 0.3.0 78.00 OK
r-oldrel-macos-x86_64 0.3.0 161.00 OK
r-oldrel-windows-x86_64 0.3.0 19.00 268.00 287.00 OK

Check Details

Version: 0.3.0
Check: Rd cross-references
Result: NOTE Found the following Rd file(s) with Rd \link{} targets missing package anchors: aalto_1.Rd: seecol, usecol, simcol, newpal, grepal aalto_2.Rd: seecol, usecol, simcol, newpal, grepal aarhus.Rd: seecol, usecol, simcol, newpal, grepal aberystwyth_1.Rd: seecol, usecol, simcol, newpal, grepal aberystwyth_2.Rd: seecol, usecol, simcol, newpal, grepal anu_1.Rd: seecol, usecol, simcol, newpal, grepal anu_2.Rd: seecol, usecol, simcol, newpal, grepal asu_1.Rd: seecol, usecol, simcol, newpal, grepal asu_2.Rd: seecol, usecol, simcol, newpal, grepal asu_3.Rd: seecol, usecol, simcol, newpal, grepal auckland_1.Rd: seecol, usecol, simcol, newpal, grepal auckland_2.Rd: seecol, usecol, simcol, newpal, grepal bangor_1.Rd: seecol, usecol, simcol, newpal, grepal bangor_2.Rd: seecol, usecol, simcol, newpal, grepal bangor_3.Rd: seecol, usecol, simcol, newpal, grepal bangor_4.Rd: seecol, usecol, simcol, newpal, grepal bergen_1.Rd: seecol, usecol, simcol, newpal, grepal bergen_2.Rd: seecol, usecol, simcol, newpal, grepal bergen_3.Rd: seecol, usecol, simcol, newpal, grepal bergen_4.Rd: seecol, usecol, simcol, newpal, grepal berkeley_1.Rd: seecol, usecol, simcol, newpal, grepal berkeley_2.Rd: seecol, usecol, simcol, newpal, grepal birmingham.Rd: seecol, usecol, simcol, newpal, grepal brown_1.Rd: seecol, usecol, simcol, newpal, grepal brown_2.Rd: seecol, usecol, simcol, newpal, grepal bu.Rd: seecol, usecol, simcol, newpal, grepal caltech_1.Rd: seecol, usecol, simcol, newpal, grepal caltech_2.Rd: seecol, usecol, simcol, newpal, grepal caltech_3.Rd: seecol, usecol, simcol, newpal, grepal cardiff_1.Rd: seecol, usecol, simcol, newpal, grepal cardiff_2.Rd: shades_of, usecol, seecol, simcol, newpal, grepal carleton.Rd: seecol, usecol, simcol, newpal, grepal cmu_1.Rd: seecol, usecol, simcol, newpal, grepal cmu_2.Rd: seecol, usecol, simcol, newpal, grepal cmu_3.Rd: seecol, usecol, simcol, newpal, grepal columbia_1.Rd: seecol, usecol, simcol, newpal, grepal columbia_2.Rd: seecol, usecol, simcol, newpal, grepal columbia_3.Rd: seecol, usecol, simcol, newpal, grepal concordia_1.Rd: seecol, usecol, simcol, newpal, grepal concordia_2.Rd: seecol, usecol, simcol, newpal, grepal concordia_3.Rd: seecol, usecol, simcol, newpal, grepal concordia_4.Rd: seecol, usecol, simcol, newpal, grepal cornell_1.Rd: seecol, usecol, simcol, newpal, grepal cornell_2.Rd: seecol, usecol, simcol, newpal, grepal cornell_3_accent.Rd: seecol, usecol, simcol, newpal, grepal dartmouth_1.Rd: seecol, usecol, simcol, newpal, grepal dartmouth_2.Rd: seecol, usecol, simcol, newpal, grepal dartmouth_3.Rd: seecol, usecol, simcol, newpal, grepal duke_1.Rd: seecol, usecol, simcol, newpal, grepal duke_2.Rd: seecol, usecol, simcol, newpal, grepal dundee_background.Rd: seecol, usecol, simcol, newpal, grepal dundee_block.Rd: seecol, usecol, simcol, newpal, grepal dundee_core.Rd: seecol, usecol, simcol, newpal, grepal dundee_highlight.Rd: seecol, usecol, simcol, newpal, grepal edinburgh.Rd: seecol, usecol, simcol, newpal, grepal eth_1.Rd: seecol, usecol, simcol, newpal, grepal eth_2.Rd: seecol, usecol, simcol, newpal, grepal eth_3.Rd: seecol, usecol, simcol, newpal, grepal example.Rd: seecol, usecol, simcol, newpal, grepal fu_0.Rd: seecol, usecol, simcol, newpal, grepal fu_1.Rd: ac, usecol, seecol, simcol, newpal, grepal fu_2.Rd: seecol, usecol, simcol, newpal, grepal fu_3.Rd: ac, usecol, seecol, simcol, newpal, grepal galway_1.Rd: seecol, usecol, simcol, newpal, grepal galway_2.Rd: seecol, usecol, simcol, newpal, grepal glasgow_1.Rd: seecol, usecol, simcol, newpal, grepal glasgow_2.Rd: seecol, usecol, simcol, newpal, grepal gothenburg.Rd: seecol, usecol, simcol, newpal, grepal groningen_1.Rd: seecol, usecol, simcol, newpal, grepal groningen_2.Rd: seecol, usecol, simcol, newpal, grepal guelph.Rd: seecol, usecol, simcol, newpal, grepal harvard_1.Rd: seecol, usecol, simcol, newpal, grepal harvard_2.Rd: seecol, usecol, simcol, newpal, grepal harvard_3.Rd: seecol, usecol, simcol, newpal, grepal helsinki_1.Rd: seecol, usecol, simcol, newpal, grepal helsinki_2.Rd: seecol, usecol, simcol, newpal, grepal helsinki_3.Rd: seecol, usecol, simcol, newpal, grepal hu_1.Rd: seecol, usecol, simcol, newpal, grepal hu_1_2022.Rd: ac, usecol, seecol, simcol, newpal, grepal hu_1_digital.Rd: seecol, usecol, simcol, newpal, grepal hu_2.Rd: seecol, usecol, simcol, newpal, grepal hu_2_2022.Rd: ac, usecol, seecol, simcol, newpal, grepal hu_3_accent.Rd: seecol, usecol, simcol, newpal, grepal jhu_0.Rd: seecol, usecol, simcol, newpal, grepal jhu_1.Rd: seecol, usecol, simcol, newpal, grepal jhu_2.Rd: seecol, usecol, simcol, newpal, grepal jhu_3_accent.Rd: seecol, usecol, simcol, newpal, grepal jhu_4_gray.Rd: seecol, usecol, simcol, newpal, grepal ku_1.Rd: seecol, usecol, simcol, newpal, grepal ku_2.Rd: seecol, usecol, simcol, newpal, grepal lancaster_1.Rd: seecol, usecol, simcol, newpal, grepal lancaster_2.Rd: seecol, usecol, simcol, newpal, grepal laval.Rd: seecol, usecol, simcol, newpal, grepal limerick_1.Rd: seecol, usecol, simcol, newpal, grepal limerick_2.Rd: seecol, usecol, simcol, newpal, grepal lmu_1.Rd: seecol, usecol, simcol, newpal, grepal lmu_2.Rd: seecol, usecol, simcol, newpal, grepal lmu_3.Rd: seecol, usecol, simcol, newpal, grepal lund_1.Rd: seecol, usecol, simcol, newpal, grepal lund_2.Rd: seecol, usecol, simcol, newpal, grepal lund_3.Rd: seecol, usecol, simcol, newpal, grepal manchester_uni_1.Rd: seecol, usecol, simcol, newpal, grepal manchester_uni_2.Rd: seecol, usecol, simcol, newpal, grepal manitoba_1.Rd: seecol, usecol, simcol, newpal, grepal manitoba_2.Rd: seecol, usecol, simcol, newpal, grepal maynooth.Rd: seecol, usecol, simcol, newpal, grepal mcgill_brights.Rd: seecol, usecol, simcol, newpal, grepal mcgill_darks.Rd: seecol, usecol, simcol, newpal, grepal mcgill_grey.Rd: seecol, usecol, simcol, newpal, grepal mcgill_muted.Rd: seecol, usecol, simcol, newpal, grepal mcgill_pastels.Rd: seecol, usecol, simcol, newpal, grepal mcgill_red.Rd: seecol, usecol, simcol, newpal, grepal mcmaster_brighterworld.Rd: seecol, usecol, simcol, newpal, grepal mcmaster_heritage.Rd: seecol, usecol, simcol, newpal, grepal michigan_1.Rd: seecol, usecol, simcol, newpal, grepal michigan_2.Rd: seecol, usecol, simcol, newpal, grepal minnesotatwin_1.Rd: seecol, usecol, simcol, newpal, grepal minnesotatwin_2.Rd: seecol, usecol, simcol, newpal, grepal mit.Rd: seecol, usecol, simcol, newpal, grepal monash_1.Rd: seecol, usecol, simcol, newpal, grepal monash_2.Rd: seecol, usecol, simcol, newpal, grepal mpg.Rd: ac, usecol, seecol, simcol, newpal, grepal mq_1.Rd: seecol, usecol, simcol, newpal, grepal mq_2.Rd: seecol, usecol, simcol, newpal, grepal msu.Rd: seecol, usecol, simcol, newpal, grepal mun_1.Rd: seecol, usecol, simcol, newpal, grepal mun_2.Rd: seecol, usecol, simcol, newpal, grepal northwestern_1.Rd: seecol, usecol, simcol, newpal, grepal northwestern_2.Rd: seecol, usecol, simcol, newpal, grepal notredame_1.Rd: seecol, usecol, simcol, newpal, grepal notredame_2.Rd: seecol, usecol, simcol, newpal, grepal nottingham_1.Rd: seecol, usecol, simcol, newpal, grepal nottingham_2.Rd: seecol, usecol, simcol, newpal, grepal nottingham_3.Rd: seecol, usecol, simcol, newpal, grepal nyu_1.Rd: seecol, usecol, simcol, newpal, grepal nyu_2.Rd: seecol, usecol, simcol, newpal, grepal nyu_accent.Rd: seecol, usecol, simcol, newpal, grepal nyu_neutral.Rd: seecol, usecol, simcol, newpal, grepal ohio_uni_1.Rd: seecol, usecol, simcol, newpal, grepal ohio_uni_2.Rd: seecol, usecol, simcol, newpal, grepal oslo.Rd: seecol, usecol, simcol, newpal, grepal otago.Rd: seecol, usecol, simcol, newpal, grepal oxford_blog.Rd: seecol, usecol, simcol, newpal, grepal oxford_brand.Rd: seecol, usecol, simcol, newpal, grepal oxford_error.Rd: seecol, usecol, simcol, newpal, grepal oxford_general.Rd: seecol, usecol, simcol, newpal, grepal oxford_graduate.Rd: seecol, usecol, simcol, newpal, grepal oxford_link.Rd: seecol, usecol, simcol, newpal, grepal oxford_shades.Rd: seecol, usecol, simcol, newpal, grepal oxford_socialmedia.Rd: seecol, usecol, simcol, newpal, grepal pitt_1.Rd: seecol, usecol, simcol, newpal, grepal pitt_2.Rd: seecol, usecol, simcol, newpal, grepal princeton_0.Rd: seecol, usecol, simcol, newpal, grepal princeton_1.Rd: seecol, usecol, simcol, newpal, grepal princeton_2.Rd: seecol, usecol, simcol, newpal, grepal queensu_1.Rd: seecol, usecol, simcol, newpal, grepal queensu_2.Rd: seecol, usecol, simcol, newpal, grepal rpi_1.Rd: seecol, usecol, simcol, newpal, grepal rpi_2.Rd: seecol, usecol, simcol, newpal, grepal rpi_3.Rd: seecol, usecol, simcol, newpal, grepal rptu.Rd: ac, usecol, seecol, simcol, newpal, grepal sfu_brand.Rd: seecol, usecol, simcol, newpal, grepal standrews_1.Rd: seecol, usecol, simcol, newpal, grepal standrews_2.Rd: seecol, usecol, simcol, newpal, grepal stanford_1.Rd: seecol, usecol, simcol, newpal, grepal stanford_2.Rd: seecol, usecol, simcol, newpal, grepal stanford_3.Rd: seecol, usecol, simcol, newpal, grepal stirling_1.Rd: seecol, usecol, simcol, newpal, grepal stirling_2.Rd: seecol, usecol, simcol, newpal, grepal stirling_3.Rd: seecol, usecol, simcol, newpal, grepal stockholm_1.Rd: seecol, usecol, simcol, newpal, grepal stockholm_2.Rd: seecol, usecol, simcol, newpal, grepal trinity_1.Rd: seecol, usecol, simcol, newpal, grepal trinity_2.Rd: seecol, usecol, simcol, newpal, grepal ubc.Rd: seecol, usecol, simcol, newpal, grepal ucalgary_1.Rd: seecol, usecol, simcol, newpal, grepal ucalgary_2.Rd: seecol, usecol, simcol, newpal, grepal ucalgary_accent.Rd: seecol, usecol, simcol, newpal, grepal ucalgary_warmgreys.Rd: seecol, usecol, simcol, newpal, grepal ucc_1.Rd: seecol, usecol, simcol, newpal, grepal ucc_2.Rd: seecol, usecol, simcol, newpal, grepal ucd.Rd: seecol, usecol, simcol, newpal, grepal uchicago_1.Rd: seecol, usecol, simcol, newpal, grepal uchicago_2.Rd: seecol, usecol, simcol, newpal, grepal uci_1.Rd: seecol, usecol, simcol, newpal, grepal uci_2.Rd: seecol, usecol, simcol, newpal, grepal uci_3.Rd: seecol, usecol, simcol, newpal, grepal uci_4.Rd: seecol, usecol, simcol, newpal, grepal ucla_1.Rd: seecol, usecol, simcol, newpal, grepal ucla_2.Rd: seecol, usecol, simcol, newpal, grepal ucla_3.Rd: seecol, usecol, simcol, newpal, grepal ucla_4.Rd: seecol, usecol, simcol, newpal, grepal ucsd_1.Rd: seecol, usecol, simcol, newpal, grepal ucsd_2.Rd: seecol, usecol, simcol, newpal, grepal ucsd_3.Rd: seecol, usecol, simcol, newpal, grepal uflorida_1.Rd: seecol, usecol, simcol, newpal, grepal uflorida_2.Rd: seecol, usecol, simcol, newpal, grepal uflorida_3.Rd: seecol, usecol, simcol, newpal, grepal umass_1.Rd: seecol, usecol, simcol, newpal, grepal umass_2.Rd: seecol, usecol, simcol, newpal, grepal umass_neutrals.Rd: seecol, usecol, simcol, newpal, grepal uni_bonn_1.Rd: ac, usecol, seecol, simcol, newpal, grepal uni_bonn_2.Rd: ac, usecol, seecol, simcol, newpal, grepal uni_freiburg_0.Rd: ac, usecol, seecol, simcol, newpal, grepal uni_freiburg_1.Rd: ac, usecol, seecol, simcol, newpal, grepal uni_freiburg_2.Rd: ac, usecol, seecol, simcol, newpal, grepal uni_freiburg_blue.Rd: seecol, usecol, simcol, newpal, grepal uni_freiburg_br.Rd: seecol, usecol, simcol, newpal, grepal uni_freiburg_grey.Rd: seecol, usecol, simcol, newpal, grepal uni_freiburg_info.Rd: seecol, usecol, simcol, newpal, grepal uni_goettingen_1.Rd: seecol, usecol, simcol, newpal, grepal uni_goettingen_2.Rd: seecol, usecol, simcol, newpal, grepal uni_goettingen_3.Rd: seecol, usecol, simcol, newpal, grepal uni_halle.Rd: seecol, usecol, simcol, newpal, grepal uni_hamburg_1.Rd: ac, usecol, seecol, simcol, newpal, grepal uni_hamburg_2.Rd: seecol, usecol, simcol, newpal, grepal uni_heidelberg.Rd: seecol, usecol, simcol, newpal, grepal uni_jena_1.Rd: ac, usecol, seecol, simcol, newpal, grepal uni_jena_2.Rd: seecol, usecol, simcol, newpal, grepal uni_kassel.Rd: seecol, usecol, simcol, newpal, grepal uni_kiel_1.Rd: ac, usecol, seecol, simcol, newpal, grepal uni_kiel_2.Rd: ac, usecol, seecol, simcol, newpal, grepal uni_koeln_1.Rd: seecol, usecol, simcol, newpal, grepal uni_koeln_2.Rd: seecol, usecol, simcol, newpal, grepal uni_konstanz_1.Rd: seecol, usecol, simcol, newpal, grepal uni_konstanz_2.Rd: seecol, usecol, simcol, newpal, grepal uni_lisbon.Rd: seecol, usecol, simcol, newpal, grepal uni_magdeburg_1.Rd: seecol, usecol, simcol, newpal, grepal uni_magdeburg_2.Rd: seecol, usecol, simcol, newpal, grepal uni_magdeburg_3.Rd: seecol, usecol, simcol, newpal, grepal uni_manchester.Rd: seecol, usecol, simcol, newpal, grepal uni_mannheim_1.Rd: ac, usecol, seecol, simcol, newpal, grepal uni_mannheim_2.Rd: seecol, usecol, simcol, newpal, grepal uni_potsdam.Rd: seecol, usecol, simcol, newpal, grepal uni_regensburg_1.Rd: seecol, usecol, simcol, newpal, grepal uni_regensburg_2.Rd: seecol, usecol, simcol, newpal, grepal uni_regensburg_3.Rd: seecol, usecol, simcol, newpal, grepal uni_stuttgart_1.Rd: seecol, usecol, simcol, newpal, grepal uni_stuttgart_print.Rd: seecol, usecol, simcol, newpal, grepal uni_ulm_1.Rd: ac, usecol, seecol, simcol, newpal, grepal uni_ulm_2.Rd: ac, usecol, seecol, simcol, newpal, grepal unicol_data.Rd: seecol, usecol, simcol, newpal, grepal uottawa.Rd: seecol, usecol, simcol, newpal, grepal upenn_1.Rd: seecol, usecol, simcol, newpal, grepal upenn_2.Rd: seecol, usecol, simcol, newpal, grepal uppsala.Rd: seecol, usecol, simcol, newpal, grepal utoronto.Rd: seecol, usecol, simcol, newpal, grepal uvic_1.Rd: seecol, usecol, simcol, newpal, grepal uvic_2.Rd: seecol, usecol, simcol, newpal, grepal uwaterloo_arts.Rd: seecol, usecol, simcol, newpal, grepal uwaterloo_engineering.Rd: seecol, usecol, simcol, newpal, grepal uwaterloo_environment.Rd: seecol, usecol, simcol, newpal, grepal uwaterloo_health.Rd: seecol, usecol, simcol, newpal, grepal uwaterloo_main.Rd: seecol, usecol, simcol, newpal, grepal uwaterloo_math.Rd: seecol, usecol, simcol, newpal, grepal uwaterloo_science.Rd: seecol, usecol, simcol, newpal, grepal vanderbilt_1.Rd: seecol, usecol, simcol, newpal, grepal vanderbilt_2.Rd: seecol, usecol, simcol, newpal, grepal vanderbilt_3.Rd: seecol, usecol, simcol, newpal, grepal waikato.Rd: seecol, usecol, simcol, newpal, grepal western_uni.Rd: seecol, usecol, simcol, newpal, grepal willamette.Rd: seecol, usecol, simcol, newpal, grepal wm_1.Rd: seecol, usecol, simcol, newpal, grepal wm_2.Rd: seecol, usecol, simcol, newpal, grepal wm_3.Rd: seecol, usecol, simcol, newpal, grepal wollongong_1.Rd: seecol, usecol, simcol, newpal, grepal wollongong_2.Rd: seecol, usecol, simcol, newpal, grepal yale.Rd: seecol, usecol, simcol, newpal, grepal yeshiva.Rd: seecol, usecol, simcol, newpal, grepal yorku_1.Rd: seecol, usecol, simcol, newpal, grepal yorku_2.Rd: seecol, usecol, simcol, newpal, grepal Please provide package anchors for all Rd \link{} targets not in the package itself and the base packages. Flavor: r-devel-windows-x86_64