CRAN Package Check Results for Package unisensR

Last updated on 2021-11-30 00:51:45 CET.

Flavor Version Tinstall Tcheck Ttotal Status Flags
r-devel-linux-x86_64-debian-clang 0.3.3 2.47 32.03 34.50 NOTE
r-devel-linux-x86_64-debian-gcc 0.3.3 1.90 26.47 28.37 NOTE
r-devel-linux-x86_64-fedora-clang 0.3.3 56.68 NOTE
r-devel-linux-x86_64-fedora-gcc 0.3.3 44.39 NOTE
r-devel-windows-x86_64-new-UL 0.3.3 8.00 70.00 78.00 NOTE
r-devel-windows-x86_64-new-TK 0.3.3 NOTE
r-devel-windows-x86_64-old 0.3.3 5.00 43.00 48.00 NOTE
r-patched-linux-x86_64 0.3.3 2.31 32.28 34.59 NOTE
r-patched-solaris-x86 0.3.3 69.70 NOTE
r-release-linux-x86_64 0.3.3 2.31 32.00 34.31 NOTE
r-release-macos-arm64 0.3.3 NOTE
r-release-macos-x86_64 0.3.3 NOTE
r-release-windows-ix86+x86_64 0.3.3 6.00 42.00 48.00 NOTE
r-oldrel-macos-x86_64 0.3.3 OK
r-oldrel-windows-ix86+x86_64 0.3.3 4.00 52.00 56.00 OK

Check Details

Version: 0.3.3
Check: LazyData
Result: NOTE
     'LazyData' is specified without a 'data' directory
Flavors: r-devel-linux-x86_64-debian-clang, r-devel-linux-x86_64-debian-gcc, r-devel-linux-x86_64-fedora-clang, r-devel-linux-x86_64-fedora-gcc, r-devel-windows-x86_64-new-UL, r-devel-windows-x86_64-new-TK, r-devel-windows-x86_64-old, r-patched-linux-x86_64, r-patched-solaris-x86, r-release-linux-x86_64, r-release-macos-arm64, r-release-macos-x86_64, r-release-windows-ix86+x86_64