Last updated on 2023-06-01 00:59:56 CEST.
Flavor | Version | Tinstall | Tcheck | Ttotal | Status | Flags |
---|---|---|---|---|---|---|
r-devel-linux-x86_64-debian-clang | 0.2.0 | 8.67 | 61.45 | 70.12 | OK | |
r-devel-linux-x86_64-debian-gcc | 0.2.0 | 8.02 | 46.37 | 54.39 | OK | |
r-devel-linux-x86_64-fedora-clang | 0.2.0 | 88.63 | NOTE | |||
r-devel-linux-x86_64-fedora-gcc | 0.2.0 | 87.10 | NOTE | |||
r-devel-windows-x86_64 | 0.2.0 | 12.00 | 67.00 | 79.00 | OK | |
r-patched-linux-x86_64 | 0.2.0 | OK | ||||
r-release-linux-x86_64 | 0.2.0 | 6.35 | 57.73 | 64.08 | OK | |
r-release-macos-arm64 | 0.2.0 | 29.00 | OK | |||
r-release-macos-x86_64 | 0.2.0 | 42.00 | OK | |||
r-release-windows-x86_64 | 0.2.0 | 12.00 | 74.00 | 86.00 | OK | |
r-oldrel-macos-arm64 | 0.2.0 | 31.00 | NOTE | |||
r-oldrel-macos-x86_64 | 0.2.0 | 41.00 | NOTE | |||
r-oldrel-windows-x86_64 | 0.2.0 | 11.00 | 78.00 | 89.00 | OK |
Version: 0.2.0
Check: data for non-ASCII characters
Result: NOTE
Note: found 3347 marked UTF-8 strings
Flavors: r-devel-linux-x86_64-fedora-clang, r-devel-linux-x86_64-fedora-gcc, r-oldrel-macos-arm64, r-oldrel-macos-x86_64