CRAN Package Check Results for Package unvotes

Last updated on 2021-10-26 01:00:10 CEST.

Flavor Version Tinstall Tcheck Ttotal Status Flags
r-devel-linux-x86_64-debian-clang 0.3.0 6.89 39.66 46.55 OK
r-devel-linux-x86_64-debian-gcc 0.3.0 5.57 30.56 36.13 OK
r-devel-linux-x86_64-fedora-clang 0.3.0 68.15 NOTE
r-devel-linux-x86_64-fedora-gcc 0.3.0 56.57 NOTE
r-devel-windows-x86_64 0.3.0 12.00 48.00 60.00 OK
r-devel-windows-x86_64-gcc10-UCRT 0.3.0 NOTE
r-patched-linux-x86_64 0.3.0 5.73 36.94 42.67 OK
r-patched-solaris-x86 0.3.0 89.70 NOTE
r-release-linux-x86_64 0.3.0 5.56 37.11 42.67 OK
r-release-macos-arm64 0.3.0 NOTE
r-release-macos-x86_64 0.3.0 NOTE
r-release-windows-ix86+x86_64 0.3.0 11.00 68.00 79.00 OK
r-oldrel-macos-x86_64 0.3.0 NOTE
r-oldrel-windows-ix86+x86_64 0.3.0 14.00 66.00 80.00 OK

Check Details

Version: 0.3.0
Check: data for non-ASCII characters
Result: NOTE
     Note: found 7872 marked UTF-8 strings
Flavors: r-devel-linux-x86_64-fedora-clang, r-devel-linux-x86_64-fedora-gcc, r-devel-windows-x86_64-gcc10-UCRT, r-patched-solaris-x86, r-release-macos-arm64, r-release-macos-x86_64, r-oldrel-macos-x86_64