Last updated on 2023-09-21 00:56:47 CEST.
Flavor | Version | Tinstall | Tcheck | Ttotal | Status | Flags |
---|---|---|---|---|---|---|
r-devel-linux-x86_64-debian-clang | 2.1.3 | 133.38 | 149.21 | 282.59 | NOTE | |
r-devel-linux-x86_64-debian-gcc | 2.1.3 | 86.03 | 107.77 | 193.80 | NOTE | |
r-devel-linux-x86_64-fedora-clang | 2.1.3 | 385.66 | NOTE | |||
r-devel-linux-x86_64-fedora-gcc | 2.1.3 | 377.75 | NOTE | |||
r-devel-windows-x86_64 | 2.1.3 | 100.00 | 161.00 | 261.00 | NOTE | |
r-patched-linux-x86_64 | 2.1.3 | 105.08 | 143.16 | 248.24 | NOTE | |
r-release-linux-x86_64 | 2.1.3 | 108.22 | 140.48 | 248.70 | NOTE | |
r-release-macos-arm64 | 2.1.3 | 94.00 | NOTE | |||
r-release-macos-x86_64 | 2.1.3 | 178.00 | NOTE | |||
r-release-windows-x86_64 | 2.1.3 | 123.00 | 192.00 | 315.00 | NOTE | |
r-oldrel-macos-arm64 | 2.1.3 | 97.00 | OK | |||
r-oldrel-macos-x86_64 | 2.1.3 | 123.00 | OK | |||
r-oldrel-windows-x86_64 | 2.1.3 | 122.00 | 180.00 | 302.00 | OK |
Version: 2.1.3
Check: C++ specification
Result: NOTE
Specified C++11: please drop specification unless essential
Flavors: r-devel-linux-x86_64-debian-clang, r-devel-linux-x86_64-debian-gcc, r-devel-linux-x86_64-fedora-clang, r-devel-linux-x86_64-fedora-gcc, r-devel-windows-x86_64, r-patched-linux-x86_64, r-release-linux-x86_64, r-release-macos-arm64, r-release-macos-x86_64, r-release-windows-x86_64
Version: 2.1.3
Check: package dependencies
Result: NOTE
Package suggested but not available for checking: ‘VariantAnnotation’
Flavor: r-release-macos-arm64