CRAN Package Check Results for Package uplifteval

Last updated on 2021-10-27 00:51:22 CEST.

Flavor Version Tinstall Tcheck Ttotal Status Flags
r-devel-linux-x86_64-debian-clang 0.1.0 5.55 152.67 158.22 NOTE
r-devel-linux-x86_64-debian-gcc 0.1.0 4.72 125.26 129.98 NOTE
r-devel-linux-x86_64-fedora-clang 0.1.0 199.95 NOTE
r-devel-linux-x86_64-fedora-gcc 0.1.0 204.60 NOTE
r-devel-windows-x86_64 0.1.0 10.00 78.00 88.00 NOTE
r-devel-windows-x86_64-gcc10-UCRT 0.1.0 NOTE
r-patched-linux-x86_64 0.1.0 4.87 167.58 172.45 NOTE
r-patched-solaris-x86 0.1.0 1507.60 NOTE
r-release-linux-x86_64 0.1.0 5.93 166.97 172.90 NOTE
r-release-macos-arm64 0.1.0 NOTE
r-release-macos-x86_64 0.1.0 NOTE
r-release-windows-ix86+x86_64 0.1.0 11.00 114.00 125.00 NOTE
r-oldrel-macos-x86_64 0.1.0 OK
r-oldrel-windows-ix86+x86_64 0.1.0 14.00 113.00 127.00 OK

Check Details

Version: 0.1.0
Check: LazyData
Result: NOTE
     'LazyData' is specified without a 'data' directory
Flavors: r-devel-linux-x86_64-debian-clang, r-devel-linux-x86_64-debian-gcc, r-devel-linux-x86_64-fedora-clang, r-devel-linux-x86_64-fedora-gcc, r-devel-windows-x86_64, r-devel-windows-x86_64-gcc10-UCRT, r-patched-linux-x86_64, r-patched-solaris-x86, r-release-linux-x86_64, r-release-macos-arm64, r-release-macos-x86_64, r-release-windows-ix86+x86_64