CRAN Package Check Results for Package urbin

Last updated on 2024-05-28 00:57:03 CEST.

Flavor Version Tinstall Tcheck Ttotal Status Flags
r-devel-linux-x86_64-debian-clang 0.1-12 3.99 123.26 127.25 OK
r-devel-linux-x86_64-debian-gcc 0.1-12 2.44 92.29 94.73 OK
r-devel-linux-x86_64-fedora-clang 0.1-12 156.20 WARN
r-devel-linux-x86_64-fedora-gcc 0.1-12 161.65 OK
r-devel-windows-x86_64 0.1-12 3.00 144.00 147.00 OK
r-patched-linux-x86_64 0.1-12 2.82 119.09 121.91 OK
r-release-linux-x86_64 0.1-12 3.09 118.16 121.25 OK
r-release-macos-arm64 0.1-12 54.00 OK
r-release-windows-x86_64 0.1-12 3.00 144.00 147.00 OK
r-oldrel-macos-arm64 0.1-12 61.00 OK
r-oldrel-macos-x86_64 0.1-12 131.00 OK
r-oldrel-windows-x86_64 0.1-12 4.00 160.00 164.00 OK

Check Details

Version: 0.1-12
Check: re-building of vignette outputs
Result: WARN Error(s) in re-building vignettes: --- re-building ‘ExtendedAppendix.Rnw’ using knitr Error: processing vignette 'ExtendedAppendix.Rnw' failed with diagnostics: Running 'texi2dvi' on 'ExtendedAppendix.tex' failed. LaTeX errors: ! Undefined control sequence. l.215 \hldef {linEla} \hlkwb{<-} \hlkwa{function}\hldef{(} \hlkwc{xCoef}\hlde... ? ! Emergency stop. l.215 End of file on the terminal! ! ==> Fatal error occurred, no output PDF file produced! --- failed re-building ‘ExtendedAppendix.Rnw’ --- re-building ‘Manuscript.Rnw’ using knitr Error: processing vignette 'Manuscript.Rnw' failed with diagnostics: Running 'texi2dvi' on 'Manuscript.tex' failed. LaTeX errors: ! Undefined control sequence. l.648 \hlkwd{urbinEla}\hldef {(} \hlkwd{coef}\hldef{(estProbit), xMean,} \hlk... ? ! Emergency stop. l.648 End of file on the terminal! ! ==> Fatal error occurred, no output PDF file produced! --- failed re-building ‘Manuscript.Rnw’ SUMMARY: processing the following files failed: ‘ExtendedAppendix.Rnw’ ‘Manuscript.Rnw’ Error: Vignette re-building failed. Execution halted Flavor: r-devel-linux-x86_64-fedora-clang