Last updated on 2023-09-23 00:54:09 CEST.
Flavor | Version | Tinstall | Tcheck | Ttotal | Status | Flags |
---|---|---|---|---|---|---|
r-devel-linux-x86_64-debian-clang | 0.0.6 | 5.07 | 47.79 | 52.86 | OK | |
r-devel-linux-x86_64-debian-gcc | 0.0.6 | 4.63 | 35.42 | 40.05 | OK | |
r-devel-linux-x86_64-fedora-clang | 0.0.6 | 66.05 | NOTE | |||
r-devel-linux-x86_64-fedora-gcc | 0.0.6 | 61.66 | NOTE | |||
r-devel-windows-x86_64 | 0.0.6 | 7.00 | 57.00 | 64.00 | OK | |
r-patched-linux-x86_64 | 0.0.6 | 5.11 | 44.66 | 49.77 | OK | |
r-release-linux-x86_64 | 0.0.6 | 5.17 | 44.81 | 49.98 | OK | |
r-release-macos-arm64 | 0.0.6 | 24.00 | OK | |||
r-release-macos-x86_64 | 0.0.6 | 34.00 | OK | |||
r-release-windows-x86_64 | 0.0.6 | 8.00 | 59.00 | 67.00 | OK | |
r-oldrel-macos-arm64 | 0.0.6 | 22.00 | NOTE | |||
r-oldrel-macos-x86_64 | 0.0.6 | 50.00 | NOTE | |||
r-oldrel-windows-x86_64 | 0.0.6 | 8.00 | 64.00 | 72.00 | OK |
Version: 0.0.6
Check: dependencies in R code
Result: NOTE
Namespaces in Imports field not imported from:
‘RCurl’ ‘stringdist’ ‘utils’
All declared Imports should be used.
Flavors: r-devel-linux-x86_64-fedora-clang, r-devel-linux-x86_64-fedora-gcc, r-oldrel-macos-arm64, r-oldrel-macos-x86_64