CRAN Package Check Results for Package utilsIPEA

Last updated on 2021-10-17 00:48:54 CEST.

Flavor Version Tinstall Tcheck Ttotal Status Flags
r-devel-linux-x86_64-debian-clang 0.0.6 4.39 46.10 50.49 OK
r-devel-linux-x86_64-debian-gcc 0.0.6 3.68 35.29 38.97 OK
r-devel-linux-x86_64-fedora-clang 0.0.6 68.98 NOTE
r-devel-linux-x86_64-fedora-gcc 0.0.6 57.96 NOTE
r-devel-windows-x86_64 0.0.6 8.00 53.00 61.00 OK
r-devel-windows-x86_64-gcc10-UCRT 0.0.6 NOTE
r-patched-linux-x86_64 0.0.6 4.12 43.30 47.42 OK
r-patched-solaris-x86 0.0.6 90.60 NOTE
r-release-linux-x86_64 0.0.6 4.23 43.22 47.45 OK
r-release-macos-arm64 0.0.6 NOTE
r-release-macos-x86_64 0.0.6 NOTE
r-release-windows-ix86+x86_64 0.0.6 12.00 64.00 76.00 OK
r-oldrel-macos-x86_64 0.0.6 NOTE
r-oldrel-windows-ix86+x86_64 0.0.6 12.00 68.00 80.00 OK

Check Details

Version: 0.0.6
Check: dependencies in R code
Result: NOTE
    Namespaces in Imports field not imported from:
     ‘RCurl’ ‘stringdist’ ‘utils’
     All declared Imports should be used.
Flavors: r-devel-linux-x86_64-fedora-clang, r-devel-linux-x86_64-fedora-gcc, r-devel-windows-x86_64-gcc10-UCRT, r-patched-solaris-x86, r-release-macos-arm64, r-release-macos-x86_64, r-oldrel-macos-x86_64