CRAN Package Check Results for Package vaersvax

Last updated on 2021-10-17 00:48:54 CEST.

Flavor Version Tinstall Tcheck Ttotal Status Flags
r-devel-linux-x86_64-debian-clang 1.0.5 1.86 20.99 22.85 NOTE
r-devel-linux-x86_64-debian-gcc 1.0.5 1.58 16.61 18.19 NOTE
r-devel-linux-x86_64-fedora-clang 1.0.5 39.44 NOTE
r-devel-linux-x86_64-fedora-gcc 1.0.5 27.49 NOTE
r-devel-windows-x86_64 1.0.5 3.00 28.00 31.00 NOTE
r-devel-windows-x86_64-gcc10-UCRT 1.0.5 NOTE
r-patched-linux-x86_64 1.0.5 1.92 20.07 21.99 NOTE
r-patched-solaris-x86 1.0.5 47.40 NOTE
r-release-linux-x86_64 1.0.5 1.79 20.31 22.10 NOTE
r-release-macos-arm64 1.0.5 NOTE
r-release-macos-x86_64 1.0.5 NOTE
r-release-windows-ix86+x86_64 1.0.5 5.00 43.00 48.00 NOTE
r-oldrel-macos-x86_64 1.0.5 NOTE
r-oldrel-windows-ix86+x86_64 1.0.5 5.00 40.00 45.00 NOTE

Check Details

Version: 1.0.5
Check: package dependencies
Result: NOTE
    Packages suggested but not available for checking: 'vaers', 'vaersND'
Flavors: r-devel-linux-x86_64-debian-clang, r-devel-linux-x86_64-debian-gcc, r-devel-linux-x86_64-fedora-clang, r-devel-linux-x86_64-fedora-gcc, r-devel-windows-x86_64, r-devel-windows-x86_64-gcc10-UCRT, r-patched-linux-x86_64, r-patched-solaris-x86, r-release-linux-x86_64, r-release-macos-x86_64, r-release-windows-ix86+x86_64, r-oldrel-macos-x86_64, r-oldrel-windows-ix86+x86_64

Version: 1.0.5
Check: package dependencies
Result: NOTE
    Packages suggested but not available for checking:
     'vaersNDvax', 'vaers', 'vaersND'
Flavor: r-release-macos-arm64