CRAN Package Check Results for Package validatetools

Last updated on 2021-10-17 00:48:55 CEST.

Flavor Version Tinstall Tcheck Ttotal Status Flags
r-devel-linux-x86_64-debian-clang 0.5.0 5.49 54.66 60.15 NOTE
r-devel-linux-x86_64-debian-gcc 0.5.0 3.90 42.50 46.40 NOTE
r-devel-linux-x86_64-fedora-clang 0.5.0 81.32 NOTE
r-devel-linux-x86_64-fedora-gcc 0.5.0 71.57 NOTE
r-devel-windows-x86_64 0.5.0 8.00 58.00 66.00 NOTE
r-devel-windows-x86_64-gcc10-UCRT 0.5.0 NOTE
r-patched-linux-x86_64 0.5.0 6.30 53.18 59.48 NOTE
r-patched-solaris-x86 0.5.0 99.00 NOTE
r-release-linux-x86_64 0.5.0 5.31 53.46 58.77 NOTE
r-release-macos-arm64 0.5.0 NOTE
r-release-macos-x86_64 0.5.0 NOTE
r-release-windows-ix86+x86_64 0.5.0 10.00 75.00 85.00 NOTE
r-oldrel-macos-x86_64 0.5.0 OK
r-oldrel-windows-ix86+x86_64 0.5.0 13.00 80.00 93.00 OK

Check Details

Version: 0.5.0
Check: LazyData
Result: NOTE
     'LazyData' is specified without a 'data' directory
Flavors: r-devel-linux-x86_64-debian-clang, r-devel-linux-x86_64-debian-gcc, r-devel-linux-x86_64-fedora-clang, r-devel-linux-x86_64-fedora-gcc, r-devel-windows-x86_64, r-devel-windows-x86_64-gcc10-UCRT, r-patched-linux-x86_64, r-patched-solaris-x86, r-release-linux-x86_64, r-release-macos-arm64, r-release-macos-x86_64, r-release-windows-ix86+x86_64