CRAN Package Check Results for Package varsExplore

Last updated on 2024-06-14 00:54:03 CEST.

Flavor Version Tinstall Tcheck Ttotal Status Flags
r-devel-linux-x86_64-debian-clang 0.3.0 3.67 33.93 37.60 NOTE
r-devel-linux-x86_64-debian-gcc 0.3.0 0.51 1.88 2.39 ERROR
r-devel-linux-x86_64-fedora-clang 0.3.0 48.65 NOTE
r-devel-linux-x86_64-fedora-gcc 0.3.0 58.77 NOTE
r-devel-windows-x86_64 0.3.0 4.00 50.00 54.00 NOTE
r-patched-linux-x86_64 0.3.0 2.12 32.94 35.06 NOTE
r-release-linux-x86_64 0.3.0 2.15 33.26 35.41 NOTE
r-release-macos-arm64 0.3.0 41.00 ERROR
r-release-macos-x86_64 0.3.0 51.00 NOTE
r-release-windows-x86_64 0.3.0 4.00 51.00 55.00 NOTE
r-oldrel-macos-arm64 0.3.0 38.00 NOTE
r-oldrel-macos-x86_64 0.3.0 48.00 NOTE
r-oldrel-windows-x86_64 0.3.0 4.00 50.00 54.00 NOTE

Check Details

Version: 0.3.0
Check: LazyData
Result: NOTE 'LazyData' is specified without a 'data' directory Flavors: r-devel-linux-x86_64-debian-clang, r-devel-linux-x86_64-fedora-clang, r-devel-linux-x86_64-fedora-gcc, r-devel-windows-x86_64, r-patched-linux-x86_64, r-release-linux-x86_64, r-release-macos-arm64, r-release-macos-x86_64, r-release-windows-x86_64, r-oldrel-macos-arm64, r-oldrel-macos-x86_64, r-oldrel-windows-x86_64

Version: 0.3.0
Check: package dependencies
Result: ERROR Packages required but not available: 'dplyr', 'purrr', 'tidyr', 'stringr', 'rio' See section ‘The DESCRIPTION file’ in the ‘Writing R Extensions’ manual. Flavor: r-devel-linux-x86_64-debian-gcc

Version: 0.3.0
Check: dependencies in R code
Result: NOTE Namespace in Imports field not imported from: ‘rio’ All declared Imports should be used. Flavors: r-devel-linux-x86_64-fedora-clang, r-devel-linux-x86_64-fedora-gcc

Version: 0.3.0
Check: examples
Result: ERROR Running examples in ‘varsExplore-Ex.R’ failed The error most likely occurred in: > ### Name: vars_explore > ### Title: Searchable variable explorer with labelled variables > ### Aliases: vars_explore > > ### ** Examples > > > qog <- rio::import("http://www.qogdata.pol.gu.se/dataarchive/qog_bas_cs_jan18.dta") Error in curl::curl_fetch_memory(file) : Timeout was reached: [www.qogdata.pol.gu.se] Resolving timed out after 10007 milliseconds Calls: <Anonymous> -> remote_to_local -> <Anonymous> Execution halted Flavor: r-release-macos-arm64