CRAN Package Check Results for Package varsExplore

Last updated on 2023-09-23 00:54:09 CEST.

Flavor Version Tinstall Tcheck Ttotal Status Flags
r-devel-linux-x86_64-debian-clang 0.3.0 2.72 32.27 34.99 NOTE
r-devel-linux-x86_64-debian-gcc 0.3.0 2.22 23.98 26.20 NOTE
r-devel-linux-x86_64-fedora-clang 0.3.0 46.13 NOTE
r-devel-linux-x86_64-fedora-gcc 0.3.0 57.48 NOTE
r-devel-windows-x86_64 0.3.0 6.00 53.00 59.00 NOTE
r-patched-linux-x86_64 0.3.0 2.98 30.76 33.74 NOTE
r-release-linux-x86_64 0.3.0 1.89 30.85 32.74 NOTE
r-release-macos-arm64 0.3.0 38.00 NOTE
r-release-macos-x86_64 0.3.0 48.00 NOTE
r-release-windows-x86_64 0.3.0 5.00 50.00 55.00 NOTE
r-oldrel-macos-arm64 0.3.0 31.00 NOTE
r-oldrel-macos-x86_64 0.3.0 115.00 NOTE
r-oldrel-windows-x86_64 0.3.0 5.00 59.00 64.00 NOTE

Check Details

Version: 0.3.0
Check: LazyData
Result: NOTE
     'LazyData' is specified without a 'data' directory
Flavors: r-devel-linux-x86_64-debian-clang, r-devel-linux-x86_64-debian-gcc, r-devel-linux-x86_64-fedora-clang, r-devel-linux-x86_64-fedora-gcc, r-devel-windows-x86_64, r-patched-linux-x86_64, r-release-linux-x86_64, r-release-macos-arm64, r-release-macos-x86_64, r-release-windows-x86_64, r-oldrel-macos-arm64, r-oldrel-macos-x86_64, r-oldrel-windows-x86_64

Version: 0.3.0
Check: dependencies in R code
Result: NOTE
    Namespace in Imports field not imported from: ‘rio’
     All declared Imports should be used.
Flavors: r-devel-linux-x86_64-fedora-clang, r-devel-linux-x86_64-fedora-gcc, r-oldrel-macos-arm64, r-oldrel-macos-x86_64