CRAN Package Check Results for Package vdar

Last updated on 2023-05-29 00:59:48 CEST.

Flavor Version Tinstall Tcheck Ttotal Status Flags
r-devel-linux-x86_64-debian-clang 0.1.3-2 1.93 30.30 32.23 NOTE
r-devel-linux-x86_64-debian-gcc 0.1.3-2 2.09 23.24 25.33 NOTE
r-devel-linux-x86_64-fedora-clang 0.1.3-2 48.32 NOTE
r-devel-linux-x86_64-fedora-gcc 0.1.3-2 41.62 NOTE
r-devel-windows-x86_64 0.1.3-2 4.00 46.00 50.00 OK
r-patched-linux-x86_64 0.1.3-2 3.11 29.46 32.57 NOTE
r-release-linux-x86_64 0.1.3-2 2.68 29.27 31.95 NOTE
r-release-macos-arm64 0.1.3-2 18.00 OK
r-release-macos-x86_64 0.1.3-2 24.00 NOTE
r-release-windows-x86_64 0.1.3-2 5.00 48.00 53.00 OK
r-oldrel-macos-arm64 0.1.3-2 18.00 OK
r-oldrel-macos-x86_64 0.1.3-2 23.00 OK
r-oldrel-windows-x86_64 0.1.3-2 5.00 51.00 56.00 OK

Check Details

Version: 0.1.3-2
Check: package dependencies
Result: NOTE
    Package suggested but not available for checking: ‘ggtern’
Flavors: r-devel-linux-x86_64-debian-clang, r-devel-linux-x86_64-debian-gcc, r-devel-linux-x86_64-fedora-clang, r-devel-linux-x86_64-fedora-gcc, r-patched-linux-x86_64, r-release-linux-x86_64, r-release-macos-x86_64