CRAN Package Check Results for Package vdg

Last updated on 2021-10-17 00:48:55 CEST.

Flavor Version Tinstall Tcheck Ttotal Status Flags
r-devel-linux-x86_64-debian-clang 1.2.1 13.03 185.54 198.57 OK
r-devel-linux-x86_64-debian-gcc 1.2.1 10.10 141.10 151.20 OK
r-devel-linux-x86_64-fedora-clang 1.2.1 248.10 NOTE
r-devel-linux-x86_64-fedora-gcc 1.2.1 233.89 NOTE
r-devel-windows-x86_64 1.2.1 21.00 190.00 211.00 OK
r-devel-windows-x86_64-gcc10-UCRT 1.2.1 OK
r-patched-linux-x86_64 1.2.1 15.07 177.52 192.59 OK
r-patched-solaris-x86 1.2.1 333.30 OK
r-release-linux-x86_64 1.2.1 11.27 177.31 188.58 OK
r-release-macos-arm64 1.2.1 OK
r-release-macos-x86_64 1.2.1 OK
r-release-windows-ix86+x86_64 1.2.1 31.00 308.00 339.00 OK
r-oldrel-macos-x86_64 1.2.1 OK
r-oldrel-windows-ix86+x86_64 1.2.1 32.00 278.00 310.00 OK

Check Details

Version: 1.2.1
Check: compiled code
Result: NOTE
    File ‘vdg/libs/vdg.so’:
     Found no calls to: ‘R_registerRoutines’, ‘R_useDynamicSymbols’
    
    It is good practice to register native routines and to disable symbol
    search.
    
    See ‘Writing portable packages’ in the ‘Writing R Extensions’ manual.
Flavors: r-devel-linux-x86_64-fedora-clang, r-devel-linux-x86_64-fedora-gcc