CRAN Package Check Results for Package vegclust

Last updated on 2021-10-25 00:49:30 CEST.

Flavor Version Tinstall Tcheck Ttotal Status Flags
r-devel-linux-x86_64-debian-clang 2.0.0 10.55 116.13 126.68 OK
r-devel-linux-x86_64-debian-gcc 2.0.0 9.88 85.87 95.75 OK
r-devel-linux-x86_64-fedora-clang 2.0.0 162.33 NOTE
r-devel-linux-x86_64-fedora-gcc 2.0.0 152.27 OK
r-devel-windows-x86_64 2.0.0 18.00 109.00 127.00 OK
r-devel-windows-x86_64-gcc10-UCRT 2.0.0 ERROR
r-patched-linux-x86_64 2.0.0 12.31 114.76 127.07 OK
r-patched-solaris-x86 2.0.0 197.20 OK
r-release-linux-x86_64 2.0.0 12.00 113.58 125.58 OK
r-release-macos-arm64 2.0.0 OK
r-release-macos-x86_64 2.0.0 OK
r-release-windows-ix86+x86_64 2.0.0 20.00 140.00 160.00 OK
r-oldrel-macos-x86_64 2.0.0 OK
r-oldrel-windows-ix86+x86_64 2.0.0 25.00 149.00 174.00 OK

Check Details

Version: 2.0.0
Check: Rd cross-references
Result: NOTE
    Undeclared packages ‘mclust’, ‘e1071’ in Rd xrefs
Flavor: r-devel-linux-x86_64-fedora-clang

Version: 2.0.0
Check: PDF version of manual
Result: WARN
    LaTeX errors when creating PDF version.
    This typically indicates Rd problems.
    LaTeX errors found:
Flavor: r-devel-windows-x86_64-gcc10-UCRT

Version: 2.0.0
Check: PDF version of manual without hyperrefs or index
Result: ERROR
    Re-running with no redirection of stdout/stderr.
Flavor: r-devel-windows-x86_64-gcc10-UCRT