CRAN Package Check Results for Package vegtable

Last updated on 2021-10-26 01:00:10 CEST.

Flavor Version Tinstall Tcheck Ttotal Status Flags
r-devel-linux-x86_64-debian-clang 0.1.7 10.83 97.71 108.54 OK
r-devel-linux-x86_64-debian-gcc 0.1.7 8.75 77.47 86.22 OK
r-devel-linux-x86_64-fedora-clang 0.1.7 137.89 NOTE
r-devel-linux-x86_64-fedora-gcc 0.1.7 123.50 NOTE
r-devel-windows-x86_64 0.1.7 17.00 86.00 103.00 OK
r-devel-windows-x86_64-gcc10-UCRT 0.1.7 NOTE
r-patched-linux-x86_64 0.1.7 18.33 93.36 111.69 OK
r-patched-solaris-x86 0.1.7 160.60 NOTE
r-release-linux-x86_64 0.1.7 10.37 94.67 105.04 OK
r-release-macos-arm64 0.1.7 NOTE
r-release-macos-x86_64 0.1.7 NOTE
r-release-windows-ix86+x86_64 0.1.7 16.00 121.00 137.00 OK
r-oldrel-macos-x86_64 0.1.7 NOTE
r-oldrel-windows-ix86+x86_64 0.1.7 18.00 92.00 110.00 OK

Check Details

Version: 0.1.7
Check: dependencies in R code
Result: NOTE
    Namespace in Imports field not imported from: ‘knitr’
     All declared Imports should be used.
Flavors: r-devel-linux-x86_64-fedora-clang, r-devel-linux-x86_64-fedora-gcc, r-devel-windows-x86_64-gcc10-UCRT, r-patched-solaris-x86, r-release-macos-arm64, r-release-macos-x86_64, r-oldrel-macos-x86_64

Version: 0.1.7
Check: Rd cross-references
Result: NOTE
    Undeclared package ‘stringdist’ in Rd xrefs
Flavor: r-devel-linux-x86_64-fedora-clang

Version: 0.1.7
Check: data for non-ASCII characters
Result: NOTE
     Note: found 128 marked UTF-8 strings
Flavors: r-devel-linux-x86_64-fedora-clang, r-devel-linux-x86_64-fedora-gcc, r-devel-windows-x86_64-gcc10-UCRT, r-patched-solaris-x86, r-release-macos-arm64, r-release-macos-x86_64, r-oldrel-macos-x86_64