CRAN Package Check Results for Package velociraptr

Last updated on 2024-04-23 01:06:39 CEST.

Flavor Version Tinstall Tcheck Ttotal Status Flags
r-devel-linux-x86_64-debian-clang 1.1.0 2.71 23.44 26.15 NOTE
r-devel-linux-x86_64-debian-gcc 1.1.0 1.76 18.73 20.49 NOTE
r-devel-linux-x86_64-fedora-clang 1.1.0 33.60 NOTE
r-devel-linux-x86_64-fedora-gcc 1.1.0 31.50 NOTE
r-prerel-macos-arm64 1.1.0 20.00 NOTE
r-prerel-windows-x86_64 1.1.0 4.00 43.00 47.00 NOTE
r-patched-linux-x86_64 1.1.0 2.04 23.32 25.36 NOTE
r-release-linux-x86_64 1.1.0 2.09 22.84 24.93 NOTE
r-release-macos-arm64 1.1.0 17.00 NOTE
r-release-macos-x86_64 1.1.0 21.00 NOTE
r-release-windows-x86_64 1.1.0 4.00 42.00 46.00 NOTE
r-oldrel-macos-arm64 1.1.0 18.00 NOTE
r-oldrel-windows-x86_64 1.1.0 4.00 87.00 91.00 NOTE

Check Details

Version: 1.1.0
Check: Rd files
Result: NOTE checkRd: (-1) additiveBeta.Rd:40: Lost braces in \itemize; meant \describe ? checkRd: (-1) additiveBeta.Rd:41: Lost braces in \itemize; meant \describe ? checkRd: (-1) additiveBeta.Rd:43: Lost braces in \itemize; meant \describe ? checkRd: (-1) additiveBeta.Rd:44: Lost braces in \itemize; meant \describe ? checkRd: (-1) additiveBeta.Rd:45: Lost braces in \itemize; meant \describe ? checkRd: (-1) additiveBeta.Rd:47: Lost braces in \itemize; meant \describe ? checkRd: (-1) downloadPBDB.Rd:27: Lost braces in \itemize; meant \describe ? checkRd: (-1) downloadPBDB.Rd:28: Lost braces in \itemize; meant \describe ? checkRd: (-1) downloadPBDB.Rd:29: Lost braces in \itemize; meant \describe ? checkRd: (-1) downloadPBDB.Rd:30: Lost braces in \itemize; meant \describe ? checkRd: (-1) downloadPBDB.Rd:31: Lost braces in \itemize; meant \describe ? checkRd: (-1) downloadPBDB.Rd:32: Lost braces in \itemize; meant \describe ? checkRd: (-1) downloadPBDB.Rd:33: Lost braces in \itemize; meant \describe ? checkRd: (-1) downloadPBDB.Rd:34: Lost braces in \itemize; meant \describe ? checkRd: (-1) multiplicativeBeta.Rd:31: Lost braces in \itemize; meant \describe ? checkRd: (-1) multiplicativeBeta.Rd:32: Lost braces in \itemize; meant \describe ? checkRd: (-1) multiplicativeBeta.Rd:33: Lost braces in \itemize; meant \describe ? Flavors: r-devel-linux-x86_64-debian-clang, r-devel-linux-x86_64-debian-gcc, r-devel-linux-x86_64-fedora-clang, r-devel-linux-x86_64-fedora-gcc, r-prerel-macos-arm64, r-prerel-windows-x86_64, r-patched-linux-x86_64

Version: 1.1.0
Check: LazyData
Result: NOTE 'LazyData' is specified without a 'data' directory Flavors: r-devel-linux-x86_64-debian-clang, r-devel-linux-x86_64-debian-gcc, r-devel-linux-x86_64-fedora-clang, r-devel-linux-x86_64-fedora-gcc, r-prerel-macos-arm64, r-prerel-windows-x86_64, r-patched-linux-x86_64, r-release-linux-x86_64, r-release-macos-arm64, r-release-macos-x86_64, r-release-windows-x86_64, r-oldrel-macos-arm64, r-oldrel-windows-x86_64